OPEx sääasema
Leveysaste N 60° 15' 27" Pituusaste E 23° 44' 53" Korkeus merenpinnasta 54 m
NOAA-raportit
Valitse raportti
Monthly Climatological Summary for joulu 2020 Name: OPEx City: Karjalohja State: Finland - Davis Vantage Pro2 Elevation: 54 m Lat: N 60° 15' 27" Lon: E 023° 44' 53" Temperature (°C), Rain (mm), Wind Speed (m/s) Heat Cool Avg Mean Deg Deg Wind Dom Day Temp High Time Low Time Days Days Rain Speed High Time Dir ---------------------------------------------------------------------------------- 1 3,1 4,6 14:09 1,2 01:33 13,9 0,0 2,0 0,1 4,0 11:05 EKa 2 2,8 4,2 04:57 1,6 23:27 14,2 0,0 0,2 0,4 6,3 23:56 EKa 3 0,2 1,6 00:00 -0,8 06:24 16,8 0,0 0,0 1,6 6,7 19:07 IKa 4 1,4 2,4 23:29 0,7 11:16 15,6 0,0 1,0 2,1 8,5 16:34 IKa 5 3,8 4,7 16:03 2,4 00:00 13,2 0,0 3,6 1,1 6,3 00:04 Ka 6 4,0 4,4 00:00 3,5 19:51 13,0 0,0 0,4 0,9 5,8 10:19 Ka 7 1,7 3,7 00:00 -0,4 23:42 15,3 0,0 0,0 1,4 6,7 10:11 IKa 8 -0,9 0,1 12:51 -1,8 23:49 17,9 0,0 0,0 1,6 6,3 12:01 IKa 9 -1,8 -0,8 19:29 -2,7 22:58 18,8 0,0 0,0 1,3 7,6 09:47 IKa 10 -1,7 -1,0 20:03 -3,3 01:46 18,7 0,0 0,0 1,3 5,8 13:36 I 11 -1,4 0,5 23:46 -2,8 07:59 18,4 0,0 0,0 2,1 8,0 05:43 I 12 1,4 2,8 13:05 -0,3 23:30 15,6 0,0 0,8 1,8 6,3 14:19 I 13 -1,5 -0,2 00:00 -2,9 08:24 18,5 0,0 0,0 0,9 5,8 02:57 I 14 -0,9 0,4 22:54 -1,6 06:38 17,9 0,0 0,0 0,4 4,0 22:23 I 15 1,8 3,5 21:23 0,3 00:00 15,2 0,0 1,6 0,5 4,5 06:38 IKa 16 3,3 4,8 16:09 2,5 03:57 13,7 0,0 3,8 0,4 4,9 05:56 Lo 17 1,5 3,3 00:00 0,2 16:47 15,5 0,0 0,2 0,5 4,5 21:54 IKo 18 3,4 4,1 16:34 1,2 00:00 13,6 0,0 2,8 0,8 6,7 07:25 I 19 4,5 6,8 20:16 2,3 03:11 12,5 0,0 0,8 0,2 4,0 20:18 E 20 5,9 6,4 00:00 4,9 23:38 11,1 0,0 1,8 0,6 7,6 11:44 E 21 3,9 5,2 23:56 2,9 12:58 13,1 0,0 3,8 0,6 5,8 00:44 E 22 4,3 5,8 01:30 2,8 23:48 12,7 0,0 0,6 0,5 6,3 21:30 Ka 23 2,1 3,0 16:01 0,9 06:17 14,9 0,0 3,8 0,5 6,3 00:24 IKa 24 1,4 2,4 00:00 -0,3 17:03 15,6 0,0 0,2 0,0 2,2 04:56 ELo 25 0,5 1,0 17:11 -0,1 23:44 16,5 0,0 0,0 0,5 5,8 22:59 P 26 -1,3 -0,1 00:00 -2,7 21:25 18,3 0,0 0,0 0,5 5,8 01:17 P 27 1,0 1,9 10:22 -2,6 00:00 16,0 0,0 3,0 1,2 8,0 13:25 Ka 28 0,4 1,4 20:04 -0,3 07:03 16,6 0,0 0,6 3,0 10,7 13:58 IKa 29 1,1 1,4 19:55 0,8 06:12 15,9 0,0 2,4 3,2 8,9 17:55 I 30 2,3 3,9 18:51 0,8 04:16 14,7 0,0 4,8 1,4 7,2 19:08 IKa 31 1,7 3,5 00:00 -0,4 22:08 15,3 0,0 1,2 0,4 4,5 05:01 I ---------------------------------------------------------------------------------- 1,5 6,8 19 -3,3 10 479,0 0,0 39,4 1,0 10,7 28 IKa Max >= 25,0: 0 Max <= 0,0: 4 Min <= 0,0: 15 Min <= -10,0: 0 Max Rain: 4,8 on day 30 Days of Rain: 21 (>= 0,2 mm) 13 (>= 1,0 mm) 0 (>= 10,0 mm) Heat Base: 17,0 Cool Base: 17,0 Method: Integration
Vuosiraporttien keskiarvotiedot pohjautuvat Ilmatieteenlaitoksen säähavantoihin.
Vertailutietona on käytetty Lohja Porla sääaseman tietoja. Lähde: Ilmatieteen laitos Ilmastollinen vertailukausi 1981-2010
Vertailutietona on käytetty Lohja Porla sääaseman tietoja. Lähde: Ilmatieteen laitos Ilmastollinen vertailukausi 1981-2010
Sivu päivitetty 25.10.2023 19:15:01
powered by
Cumulus
v1.9.4 (1091)