OPEx sääasema
Leveysaste N 60° 15' 27" Pituusaste E 23° 44' 53" Korkeus merenpinnasta 54 m
NOAA-raportit
Valitse raportti
Monthly Climatological Summary for elo 2011 Name: OPEx City: Karjalohja State: Finland Elevation: 55 m Lat: N 60° 15' 46" Lon: E 023° 45' 11" Temperature (°C), Rain (mm), Wind Speed (m/s) Heat Cool Avg Mean Deg Deg Wind Dom Day Temp High Time Low Time Days Days Rain Speed High Time Dir ---------------------------------------------------------------------------------- 9 15,1 18,6 16:01 12,1 02:52 0,7 0,0 1,5 0,1 2,7 11:53 S 10 16,2 20,9 16:01 12,4 06:51 2,5 0,4 1,5 0,1 1,7 12:49 WNW 11 14,2 18,4 13:03 11,0 05:47 4,1 0,0 10,5 0,3 3,7 08:49 E 12 14,6 19,6 13:35 8,7 05:30 3,8 0,1 0,3 0,2 3,1 12:05 E 13 15,5 21,5 15:35 8,9 04:55 3,4 0,6 0,0 0,5 4,1 13:25 E 14 15,9 20,4 15:35 10,2 04:15 2,7 0,3 0,0 1,1 5,8 11:25 E 15 17,2 17,8 00:35 16,8 04:55 1,1 0,0 0,0 1,5 6,1 16:20 E 16 18,9 22,3 15:35 16,1 23:55 0,5 1,1 8,4 0,8 5,8 12:50 E 17 16,7 22,4 15:13 11,3 06:30 2,4 0,7 0,0 0,1 1,7 13:32 W 18 16,1 20,5 13:51 11,4 07:36 2,6 0,4 0,3 0,1 2,4 11:01 W 19 15,4 20,6 14:36 9,2 06:01 3,3 0,4 0,0 0,2 3,4 23:36 E 20 17,9 21,5 13:31 14,2 23:41 1,2 0,7 0,0 1,9 7,1 10:51 E 21 16,7 21,6 15:46 11,7 05:51 2,2 0,6 0,0 0,2 2,7 00:51 E 22 16,3 20,1 13:36 12,1 06:31 2,3 0,2 0,0 0,0 3,1 11:01 ENE 23 17,0 21,6 15:29 12,9 23:56 2,1 0,9 0,0 0,1 2,7 12:22 E 24 15,7 21,7 16:14 10,2 04:39 3,2 0,6 0,0 0,0 2,0 10:39 WSW 25 16,1 22,1 14:29 8,7 06:32 3,1 0,9 0,0 0,1 3,4 12:49 E 26 19,6 24,2 14:32 16,2 02:10 0,6 1,8 0,0 0,2 2,7 12:19 ENE 27 19,7 24,3 16:06 14,0 06:15 1,0 2,4 0,0 0,4 4,1 13:40 ENE 28 19,0 22,1 10:14 14,3 23:40 0,5 1,1 0,0 0,4 4,4 14:47 SW 29 14,3 17,6 10:07 11,4 05:18 4,0 0,0 4,2 0,0 3,7 11:00 SW 30 14,5 18,1 15:33 11,4 03:31 3,8 0,0 5,1 0,1 4,1 15:33 SW 31 13,9 16,3 15:30 10,0 23:52 4,4 0,0 8,4 0,0 2,4 13:21 ENE ---------------------------------------------------------------------------------- 16,4 24,3 27 8,7 12 55,5 13,2 40,2 0,2 7,1 20 E Max >= 25,0: 0 Max <= 0,0: 0 Min <= -5,0: 0 Min <= -20,0: 0 Max Rain: 10,5 on day 11 Days of Rain: 5 (> 2,0 mm) 1 (> 10,0 mm) 0 (> 20,0 mm) Heat Base: 18,3 Cool Base: 18,3 Method: Integration
Vuosiraporttien keskiarvotiedot pohjautuvat Ilmatieteenlaitoksen säähavantoihin.
Vertailutietona on käytetty Lohja Porla sääaseman tietoja. Lähde: Ilmatieteen laitos Ilmastollinen vertailukausi 1981-2010
Vertailutietona on käytetty Lohja Porla sääaseman tietoja. Lähde: Ilmatieteen laitos Ilmastollinen vertailukausi 1981-2010
© 2011-2024, opexi.fi | Sivun tietoja ei saa käyttää ihmisen tai omaisuuden suojeluun |
Sivu päivitetty 28.3.2024 20:10:01
powered by
Cumulus
v1.9.4 (1091)