OPEx sääasema
Leveysaste N 60° 15' 27" Pituusaste E 23° 44' 53" Korkeus merenpinnasta 54 m
NOAA-raportit
Valitse raportti
Monthly Climatological Summary for syys 2011 Name: OPEx City: Karjalohja State: Finland - Fine Offset WH-1080 Elevation: 55 m Lat: N 60° 15' 27" Lon: E 023° 44' 53" Temperature (°C), Rain (mm), Wind Speed (m/s) Heat Cool Avg Mean Deg Deg Wind Dom Day Temp High Time Low Time Days Days Rain Speed High Time Dir ---------------------------------------------------------------------------------- 1 12,5 18,5 13:58 6,9 06:09 5,8 0,0 0,9 0,0 2,7 11:45 WNW 2 13,3 18,2 14:31 8,3 00:43 5,0 0,0 0,9 0,1 3,1 12:38 NE 3 14,1 19,8 14:57 10,2 23:55 4,3 0,1 0,6 0,1 3,7 17:30 NW 4 13,4 18,8 15:15 7,8 04:07 4,9 0,0 0,0 0,1 3,4 16:05 ENE 5 15,4 21,1 14:52 9,0 06:13 3,4 0,5 0,0 0,3 4,1 13:22 ENE 6 15,2 17,4 16:47 11,4 23:23 3,1 0,0 3,3 0,4 4,8 08:48 ENE 7 14,4 17,3 15:01 11,4 00:07 3,9 0,0 11,7 0,4 7,1 13:59 NNW 8 14,0 16,5 13:24 10,0 23:54 4,3 0,0 9,3 0,1 2,4 10:19 NNE 9 11,8 17,6 14:14 6,3 05:59 6,5 0,0 0,3 0,0 1,4 10:19 SSW 10 11,8 18,7 14:55 5,4 06:22 6,5 0,0 0,0 0,1 2,4 12:10 WSW 11 13,6 19,0 14:42 9,1 07:09 4,8 0,0 0,0 0,1 2,4 13:48 W 12 14,7 16,7 19:02 10,7 00:00 3,4 0,0 7,5 0,2 3,7 09:26 ENE 13 14,4 16,4 13:42 12,1 03:19 3,9 0,0 12,0 0,4 5,4 19:55 SW 14 13,1 14,4 17:03 12,2 07:19 5,2 0,0 30,6 0,7 6,1 08:27 SW 15 13,0 15,2 13:57 11,4 21:12 5,1 0,0 9,6 0,4 4,1 15:17 WSW 16 12,8 15,9 14:42 11,3 07:04 5,5 0,0 0,3 0,5 3,7 12:34 WNW 17 12,3 15,8 14:10 8,1 07:17 6,0 0,0 0,0 0,1 2,0 12:38 W 18 11,7 15,9 15:53 7,8 23:48 6,6 0,0 0,0 0,1 2,4 12:07 E 19 11,9 14,1 10:24 8,0 00:00 6,4 0,0 3,0 1,3 10,5 10:39 E 20 13,5 16,6 13:43 10,3 22:26 4,8 0,0 0,0 0,1 3,1 11:18 SW 21 13,5 16,4 12:23 10,9 00:00 4,8 0,0 11,7 0,1 3,4 21:10 SW 22 12,3 15,1 15:37 9,0 22:41 6,0 0,0 4,5 0,1 3,7 14:41 SW 23 10,8 13,5 14:47 8,4 01:52 7,5 0,0 0,3 0,3 4,1 11:17 W 24 9,7 12,6 18:13 6,5 23:58 8,6 0,0 0,6 0,5 4,1 13:50 WNW 25 10,3 14,8 15:59 5,2 01:42 8,0 0,0 0,0 0,0 1,7 13:29 WNW 26 12,0 15,4 16:09 8,4 07:05 6,3 0,0 0,0 0,0 2,0 09:28 ESE 27 13,0 15,8 15:52 9,3 22:46 5,3 0,0 3,0 0,2 3,7 05:06 W 28 10,3 12,8 11:26 5,7 06:08 8,0 0,0 0,3 0,1 3,1 15:08 W 29 11,1 13,6 13:34 6,3 07:45 7,3 0,0 0,3 0,1 2,7 13:24 W 30 15,2 21,1 17:05 10,2 06:50 3,4 0,4 0,3 0,6 4,8 20:10 WNW ---------------------------------------------------------------------------------- 12,8 21,1 5 5,2 25 164,6 1,0 111,0 0,3 10,5 19 WNW Max >= 25,0: 0 Max <= 0,0: 0 Min <= 0,0: 0 Min <= -10,0: 0 Max Rain: 30,6 on day 14 Days of Rain: 21 (>= 0,2 mm) 11 (>= 1,0 mm) 4 (>= 10,0 mm) Heat Base: 17,0 Cool Base: 17,0 Method: Integration
Vuosiraporttien keskiarvotiedot pohjautuvat Ilmatieteenlaitoksen säähavantoihin.
Vertailutietona on käytetty Lohja Porla sääaseman tietoja. Lähde: Ilmatieteen laitos Ilmastollinen vertailukausi 1981-2010
Vertailutietona on käytetty Lohja Porla sääaseman tietoja. Lähde: Ilmatieteen laitos Ilmastollinen vertailukausi 1981-2010
© 2011-2024, opexi.fi | Sivun tietoja ei saa käyttää ihmisen tai omaisuuden suojeluun |
Sivu päivitetty 25.4.2024 10:50:01
powered by
Cumulus
v1.9.4 (1091)