OPEx sääasema
Leveysaste N 60° 15' 27" Pituusaste E 23° 44' 53" Korkeus merenpinnasta 54 m
NOAA-raportit
Valitse raportti
Monthly Climatological Summary for marras 2011 Name: OPEx City: Karjalohja State: Finland - Fine Offset WH-1080 Elevation: 55 m Lat: N 60° 15' 27" Lon: E 023° 44' 53" Temperature (°C), Rain (mm), Wind Speed (m/s) Heat Cool Avg Mean Deg Deg Wind Dom Day Temp High Time Low Time Days Days Rain Speed High Time Dir ---------------------------------------------------------------------------------- 1 9,1 10,9 23:35 6,4 01:55 9,2 0,0 0,0 0,6 3,7 08:47 WSW 2 10,4 11,8 05:57 9,0 03:23 7,9 0,0 0,0 1,0 4,8 06:12 WSW 3 9,0 10,1 12:42 6,9 21:33 9,3 0,0 0,0 0,0 1,0 10:08 SW 4 7,6 8,9 13:03 6,7 17:39 10,7 0,0 0,0 1,5 5,4 18:57 ESE 5 6,9 8,3 00:24 5,6 06:08 11,4 0,0 0,0 2,0 4,8 01:53 ESE 6 6,4 7,7 23:50 5,6 06:55 11,9 0,0 0,0 1,0 3,7 00:16 SE 7 7,3 8,4 14:49 5,7 23:45 11,0 0,0 0,0 0,3 2,4 00:36 W 8 7,1 10,1 15:49 2,2 23:35 10,5 0,0 0,0 0,7 2,4 12:16 WNW 9 1,1 4,3 13:46 -1,9 23:21 14,3 0,0 0,0 0,1 1,7 11:46 ENE 10 0,2 4,2 17:44 -3,3 08:30 18,1 0,0 0,0 0,0 1,4 20:14 SW 11 4,6 6,0 11:04 -0,5 00:21 13,7 0,0 0,3 0,4 3,1 21:27 NW 12 3,9 5,1 00:00 3,0 16:49 14,4 0,0 0,0 0,6 2,7 00:21 ENE 13 5,0 7,4 12:16 2,6 23:20 13,3 0,0 0,0 0,7 6,8 13:30 WSW 14 4,9 8,6 14:54 2,7 00:00 13,4 0,0 0,0 1,1 4,1 11:09 WNW 15 0,0 3,6 00:00 -3,6 22:50 18,3 0,0 0,0 0,7 3,4 02:53 NW 16 1,8 5,1 13:58 -2,6 00:00 16,5 0,0 0,0 0,7 3,1 23:59 W 17 4,5 5,5 09:21 3,4 00:00 13,8 0,0 0,0 0,6 3,1 00:00 WNW 18 4,2 5,2 12:24 3,0 19:20 14,1 0,0 0,0 0,2 2,7 22:13 WSW 19 3,1 6,2 03:00 -2,5 23:57 15,2 0,0 7,2 1,3 4,4 04:41 NW 20 -3,2 0,2 19:18 -6,3 21:58 21,5 0,0 0,0 0,0 1,0 19:13 WNW 21 1,0 5,6 23:26 -4,6 00:00 17,4 0,0 1,5 0,1 1,7 21:53 NNE 22 1,7 4,8 00:43 0,9 21:01 16,6 0,0 0,3 0,6 3,4 00:57 NE 23 4,3 6,8 19:19 1,3 00:01 14,0 0,0 1,8 0,7 6,8 23:55 SW 24 5,4 7,8 07:44 0,1 23:51 12,9 0,0 7,5 1,2 6,5 07:45 WSW 25 5,7 8,6 12:16 -0,4 00:41 12,6 0,0 1,8 1,2 6,5 14:40 WSW 26 3,4 7,4 00:04 0,0 13:03 14,9 0,0 1,5 0,8 4,4 02:53 W 27 7,1 9,0 17:12 2,2 23:56 11,2 0,0 14,1 1,4 6,8 17:49 W 28 2,5 4,9 21:02 0,6 03:53 15,8 0,0 0,0 2,4 6,8 07:58 WNW 29 2,0 5,7 20:41 -2,7 08:17 16,3 0,0 0,3 0,4 3,4 23:41 W 30 5,6 7,3 16:13 2,4 23:51 12,7 0,0 0,0 1,1 4,8 10:04 WSW ---------------------------------------------------------------------------------- 4,4 11,8 2 -6,3 20 412,9 0,0 36,3 0,8 6,8 13 W Max >= 25,0: 0 Max <= 0,0: 0 Min <= 0,0: 11 Min <= -10,0: 0 Max Rain: 14,1 on day 27 Days of Rain: 10 (>= 0,2 mm) 7 (>= 1,0 mm) 1 (>= 10,0 mm) Heat Base: 17,0 Cool Base: 17,0 Method: Integration
Vuosiraporttien keskiarvotiedot pohjautuvat Ilmatieteenlaitoksen säähavantoihin.
Vertailutietona on käytetty Lohja Porla sääaseman tietoja. Lähde: Ilmatieteen laitos Ilmastollinen vertailukausi 1981-2010
Vertailutietona on käytetty Lohja Porla sääaseman tietoja. Lähde: Ilmatieteen laitos Ilmastollinen vertailukausi 1981-2010
© 2011-2024, opexi.fi | Sivun tietoja ei saa käyttää ihmisen tai omaisuuden suojeluun |
Sivu päivitetty 28.3.2024 20:00:01
powered by
Cumulus
v1.9.4 (1091)