OPEx sääasema
Leveysaste N 60° 15' 27" Pituusaste E 23° 44' 53" Korkeus merenpinnasta 54 m
NOAA-raportit
Valitse raportti
Monthly Climatological Summary for syys 2012 Name: OPEx Sääasema City: Karjalohja State: Finland - Davis Vantage Pro2 Elevation: 54 m Lat: N 60° 15' 45" Lon: E 023° 45' 29" Temperature (°C), Rain (mm), Wind Speed (m/s) Heat Cool Avg Mean Deg Deg Wind Dom Day Temp High Time Low Time Days Days Rain Speed High Time Dir ---------------------------------------------------------------------------------- 1 13,6 15,6 23:09 12,6 05:23 3,4 0,0 7,6 2,3 8,0 18:21 E 2 15,1 17,8 13:38 13,0 07:35 1,9 0,0 2,6 0,2 4,9 14:26 SSW 3 15,1 18,2 16:21 10,5 22:38 2,0 0,1 1,2 0,2 4,5 15:17 E 4 13,2 17,6 14:40 7,6 05:48 3,8 0,0 1,2 0,2 4,5 19:43 SSW 5 14,6 17,2 14:45 10,5 22:23 2,4 0,0 0,4 0,4 5,4 15:21 SSE 6 10,7 13,7 13:54 6,3 22:34 6,3 0,0 0,0 0,3 3,6 14:06 WNW 7 9,1 11,4 11:54 6,3 00:00 7,9 0,0 1,2 0,1 2,7 19:19 WNW 8 8,4 13,1 11:44 5,3 02:39 8,6 0,0 3,8 0,3 4,5 17:10 WNW 9 8,9 14,4 14:38 4,4 23:57 8,1 0,0 0,0 0,4 3,1 01:59 WNW 10 11,6 17,2 14:23 3,2 02:44 5,4 0,0 0,0 0,2 3,1 15:13 SSE 11 15,0 19,3 13:19 11,8 22:45 2,5 0,4 0,0 0,4 4,9 16:15 SE 12 13,8 16,3 11:39 8,8 23:57 3,2 0,0 4,6 0,1 3,1 03:13 ESE 13 10,3 14,7 13:08 5,7 05:50 6,7 0,0 0,4 0,1 3,1 12:52 S 14 10,7 14,9 13:44 6,1 02:12 6,3 0,0 8,2 0,7 8,9 14:09 SSW 15 12,2 14,9 16:09 5,8 23:58 4,8 0,0 0,6 0,3 4,5 00:21 S 16 10,1 15,6 11:41 2,7 06:35 6,9 0,0 0,0 0,3 5,4 17:40 S 17 14,1 16,2 14:09 11,4 23:57 2,9 0,0 3,6 0,9 7,6 15:21 S 18 12,0 15,3 15:10 7,3 06:24 5,0 0,0 3,4 0,4 6,3 23:09 SSE 19 13,0 15,7 11:52 8,8 23:49 4,0 0,0 3,6 0,3 4,5 00:00 S 20 9,3 13,1 13:49 4,8 23:54 7,7 0,0 1,2 0,4 5,8 15:49 S 21 7,7 13,0 13:11 2,8 07:54 9,3 0,0 0,0 0,1 3,1 12:05 SSW 22 11,0 13,9 13:20 7,6 00:00 6,0 0,0 11,0 1,0 5,4 14:35 E 23 8,7 9,8 00:11 7,6 22:40 8,3 0,0 32,0 1,2 7,2 12:02 N 24 7,7 8,3 02:58 6,9 07:07 9,3 0,0 8,4 0,9 6,7 05:35 NW 25 8,3 10,1 16:08 7,3 07:08 8,7 0,0 0,2 0,8 4,5 22:42 NNE 26 9,5 11,9 23:07 7,1 03:56 7,5 0,0 1,6 1,8 6,3 13:19 E 27 12,9 14,4 17:10 10,7 22:57 4,1 0,0 11,2 0,9 6,3 10:52 ESE 28 11,7 13,4 16:26 10,4 01:26 5,3 0,0 2,0 0,1 3,6 09:45 S 29 10,1 13,5 14:40 5,9 08:07 6,9 0,0 6,8 0,3 4,0 15:59 SSE 30 9,8 11,5 04:43 6,1 23:16 7,2 0,0 12,0 0,1 3,6 03:43 ESE ---------------------------------------------------------------------------------- 11,3 19,3 11 2,7 16 172,4 0,5 128,8 0,5 8,9 14 ESE Max >= 25,0: 0 Max <= 0,0: 0 Min <= 0,0: 0 Min <= -10,0: 0 Max Rain: 32,0 on day 23 Days of Rain: 24 (>= 0,1 mm) 20 (>= 1,0 mm) 4 (>= 10,0 mm) Heat Base: 17,0 Cool Base: 17,0 Method: Integration
Vuosiraporttien keskiarvotiedot pohjautuvat Ilmatieteenlaitoksen säähavantoihin.
Vertailutietona on käytetty Lohja Porla sääaseman tietoja. Lähde: Ilmatieteen laitos Ilmastollinen vertailukausi 1981-2010
Vertailutietona on käytetty Lohja Porla sääaseman tietoja. Lähde: Ilmatieteen laitos Ilmastollinen vertailukausi 1981-2010
© 2011-2024, opexi.fi | Sivun tietoja ei saa käyttää ihmisen tai omaisuuden suojeluun |
Sivu päivitetty 29.3.2024 11:00:01
powered by
Cumulus
v1.9.4 (1091)