OPEx sääasema
Leveysaste N 60° 15' 27" Pituusaste E 23° 44' 53" Korkeus merenpinnasta 54 m
NOAA-raportit
Valitse raportti
Monthly Climatological Summary for maalis 2013 Name: OPEx Sääasema City: Karjalohja State: Finland - Davis Vantage Pro2 Elevation: 54 m Lat: N 60° 15' 45" Lon: E 023° 45' 29" Temperature (°C), Rain (mm), Wind Speed (m/s) Heat Cool Avg Mean Deg Deg Wind Dom Day Temp High Time Low Time Days Days Rain Speed High Time Dir ---------------------------------------------------------------------------------- 1 0,4 3,6 11:53 -7,2 23:54 16,6 0,0 0,2 2,2 8,9 16:32 NNW 2 -8,6 -4,0 14:37 -17,8 07:50 25,6 0,0 3,6 1,7 9,4 19:00 ESE 3 -7,7 -4,9 15:28 -19,3 23:39 24,7 0,0 2,6 2,4 8,0 00:41 NE 4 -12,2 -3,2 22:47 -24,6 06:04 29,2 0,0 3,4 1,0 7,2 17:39 ESE 5 -0,8 1,0 12:59 -3,4 01:46 17,8 0,0 0,0 1,0 4,9 18:03 SE 6 0,7 2,9 15:33 -5,8 23:59 15,8 0,0 0,0 0,9 8,0 20:44 WNW 7 -6,8 -1,1 16:08 -15,7 23:56 18,7 0,0 0,0 0,7 8,0 16:30 WNW 8 -10,3 -0,2 13:05 -22,2 06:51 27,3 0,0 0,2 0,6 5,4 14:28 WNW 9 -10,1 -4,7 13:20 -18,0 23:44 27,1 0,0 0,0 0,9 5,8 11:39 NW 10 -15,3 -5,7 14:27 -25,2 07:15 32,3 0,0 0,0 0,2 3,6 14:46 NNW 11 -8,4 -1,7 14:58 -15,9 00:00 25,0 0,0 0,2 0,2 2,7 08:54 W 12 -6,9 -0,4 12:27 -15,6 00:27 23,9 0,0 1,2 0,5 5,4 16:39 SSE 13 -8,6 -4,0 06:30 -22,6 23:56 25,6 0,0 1,2 0,8 5,4 03:22 WNW 14 -14,4 -2,6 13:13 -26,4 06:43 29,0 0,0 0,0 0,0 1,3 17:13 SW 15 -12,7 -2,1 14:24 -24,3 06:47 29,7 0,0 0,0 0,2 2,2 13:50 WSW 16 -11,9 -0,7 14:20 -23,8 06:57 28,9 0,0 0,0 0,3 3,1 12:29 NW 17 -11,1 -2,7 12:35 -19,6 05:59 28,1 0,0 0,0 0,6 4,5 13:04 E 18 -9,8 -5,5 15:42 -15,2 04:23 26,8 0,0 0,0 2,2 7,6 16:33 ENE 19 -7,4 -4,4 12:07 -12,3 06:18 24,4 0,0 0,0 2,8 8,0 16:12 ENE 20 -4,3 -0,4 16:42 -7,3 00:40 21,2 0,0 0,0 3,6 11,2 14:51 NE 21 -7,2 -2,2 13:20 -13,1 21:56 24,2 0,0 0,0 2,0 8,0 16:25 NE 22 -9,9 -5,6 16:17 -17,3 06:38 26,9 0,0 0,0 1,1 5,8 12:20 NNW 23 -4,4 0,4 13:16 -9,4 00:30 21,4 0,0 0,0 1,1 6,7 12:38 NNW 24 -4,0 2,2 15:08 -13,4 03:55 21,0 0,0 0,0 1,0 6,3 11:44 NNW 25 -3,0 3,4 14:41 -13,6 07:08 20,0 0,0 0,0 0,5 4,9 17:11 NW 26 -2,9 2,0 12:50 -11,8 23:44 19,8 0,0 0,0 1,0 5,8 11:15 N 27 -5,4 3,1 14:10 -17,2 06:40 21,6 0,0 0,0 0,2 4,5 17:41 W 28 -2,2 3,4 13:41 -7,1 01:29 19,1 0,0 0,0 0,3 4,5 15:52 W 29 -3,5 1,7 13:29 -8,6 02:53 20,5 0,0 0,0 0,5 4,0 15:16 ESE 30 -2,9 2,8 13:13 -8,4 02:40 19,9 0,0 0,0 1,7 8,9 12:42 NE 31 -4,4 3,1 16:42 -13,4 07:08 18,7 0,0 0,0 0,4 3,6 16:14 ESE ---------------------------------------------------------------------------------- -7,0 3,6 1 -26,4 14 730,8 0,0 12,6 1,1 11,2 20 NE Max >= 25,0: 0 Max <= 0,0: 19 Min <= 0,0: 31 Min <= -10,0: 23 Max Rain: 3,6 on day 2 Days of Rain: 8 (>= 0,1 mm) 5 (>= 1,0 mm) 0 (>= 10,0 mm) Heat Base: 17,0 Cool Base: 17,0 Method: Integration
Vuosiraporttien keskiarvotiedot pohjautuvat Ilmatieteenlaitoksen säähavantoihin.
Vertailutietona on käytetty Lohja Porla sääaseman tietoja. Lähde: Ilmatieteen laitos Ilmastollinen vertailukausi 1981-2010
Vertailutietona on käytetty Lohja Porla sääaseman tietoja. Lähde: Ilmatieteen laitos Ilmastollinen vertailukausi 1981-2010
© 2011-2024, opexi.fi | Sivun tietoja ei saa käyttää ihmisen tai omaisuuden suojeluun |
Sivu päivitetty 29.3.2024 10:55:01
powered by
Cumulus
v1.9.4 (1091)