OPEx sääasema
Leveysaste N 60° 15' 27" Pituusaste E 23° 44' 53" Korkeus merenpinnasta 54 m
NOAA-raportit
Valitse raportti
Monthly Climatological Summary for huhti 2013 Name: OPEx Sääasema City: Karjalohja State: Finland - Davis Vantage Pro2 Elevation: 54 m Lat: N 60° 15' 45" Lon: E 023° 45' 29" Temperature (°C), Rain (mm), Wind Speed (m/s) Heat Cool Avg Mean Deg Deg Wind Dom Day Temp High Time Low Time Days Days Rain Speed High Time Dir ---------------------------------------------------------------------------------- 1 -4,4 3,2 17:27 -12,2 06:46 18,6 0,0 0,0 0,9 6,7 16:16 NNE 2 -1,8 4,4 17:57 -11,5 06:46 18,8 0,0 0,0 0,7 4,9 13:48 NW 3 -1,8 5,3 12:15 -10,9 06:14 18,8 0,0 0,0 0,3 4,9 17:38 NW 4 -1,7 5,6 14:33 -10,5 07:03 18,7 0,0 0,0 0,5 3,6 17:17 ESE 5 0,1 6,8 16:28 -8,8 06:12 16,9 0,0 0,0 1,1 5,4 16:37 N 6 -0,1 3,6 14:20 -6,3 23:59 17,1 0,0 0,0 1,2 5,4 12:45 NNW 7 -3,1 2,7 12:40 -10,6 05:32 20,1 0,0 2,0 0,7 7,2 13:42 ESE 8 -3,1 1,8 12:09 -11,3 05:44 20,1 0,0 0,4 0,3 2,7 14:53 ESE 9 -2,5 4,9 17:33 -12,5 05:27 18,8 0,0 0,0 0,1 2,7 16:05 SW 10 -1,5 4,5 14:51 -8,3 03:05 18,4 0,0 0,0 0,8 4,5 14:39 ESE 11 0,1 5,2 12:41 -7,1 06:46 16,9 0,0 0,0 1,2 6,3 12:56 ENE 12 3,5 6,5 15:34 1,5 06:29 13,5 0,0 0,2 1,6 5,8 15:00 E 13 2,9 4,0 00:10 1,9 21:56 14,1 0,0 4,6 1,6 5,8 01:31 ESE 14 2,8 6,6 17:49 -0,2 23:25 14,2 0,0 0,0 0,5 4,0 00:00 WNW 15 2,9 6,2 14:33 -0,7 02:36 14,1 0,0 1,2 0,8 7,2 15:04 S 16 4,4 5,7 16:10 3,6 00:53 12,6 0,0 0,6 0,7 5,4 05:34 SSE 17 4,8 7,1 17:19 2,9 01:37 12,2 0,0 3,6 0,7 7,2 12:24 SSE 18 5,4 8,9 10:28 1,3 05:31 11,6 0,0 9,6 0,8 9,4 18:00 SSE 19 4,6 6,6 14:17 2,9 23:03 12,4 0,0 0,2 0,8 8,5 13:31 SSW 20 4,9 8,9 14:41 1,1 23:54 12,1 0,0 3,0 1,0 7,2 13:51 WNW 21 4,6 10,8 15:02 -1,9 06:33 12,4 0,0 0,0 0,3 4,0 15:41 W 22 4,7 11,1 15:01 -2,7 05:24 12,3 0,0 0,0 0,9 6,7 12:10 SE 23 5,3 9,4 11:51 1,8 00:00 11,7 0,0 2,6 1,0 8,9 14:54 S 24 6,0 11,0 13:33 1,4 02:56 10,9 0,0 0,2 0,4 5,4 12:04 W 25 6,9 12,2 15:19 1,1 23:57 9,7 0,0 0,0 0,8 8,0 10:51 WNW 26 2,8 5,8 11:21 -1,2 02:41 13,7 0,0 1,8 0,6 4,9 10:44 SE 27 4,6 9,6 16:04 2,4 05:19 12,3 0,0 0,0 0,8 4,9 07:53 N 28 4,4 11,4 15:22 -0,3 06:27 12,5 0,0 0,0 0,4 4,0 19:46 WNW 29 6,4 11,2 15:02 0,3 00:37 9,9 0,0 5,4 1,2 7,6 15:25 SSE 30 5,6 8,3 17:12 2,4 23:55 9,5 0,0 1,8 0,7 8,0 12:04 SSW ---------------------------------------------------------------------------------- 2,3 12,2 25 -12,5 9 434,9 0,0 37,2 0,8 9,4 18 ESE Max >= 25,0: 0 Max <= 0,0: 0 Min <= 0,0: 17 Min <= -10,0: 7 Max Rain: 9,6 on day 18 Days of Rain: 15 (>= 0,1 mm) 10 (>= 1,0 mm) 0 (>= 10,0 mm) Heat Base: 17,0 Cool Base: 17,0 Method: Integration
Vuosiraporttien keskiarvotiedot pohjautuvat Ilmatieteenlaitoksen säähavantoihin.
Vertailutietona on käytetty Lohja Porla sääaseman tietoja. Lähde: Ilmatieteen laitos Ilmastollinen vertailukausi 1981-2010
Vertailutietona on käytetty Lohja Porla sääaseman tietoja. Lähde: Ilmatieteen laitos Ilmastollinen vertailukausi 1981-2010
© 2011-2024, opexi.fi | Sivun tietoja ei saa käyttää ihmisen tai omaisuuden suojeluun |
Sivu päivitetty 28.3.2024 11:40:00
powered by
Cumulus
v1.9.4 (1091)