OPEx sääasema
Leveysaste N 60° 15' 27" Pituusaste E 23° 44' 53" Korkeus merenpinnasta 54 m
NOAA-raportit
Valitse raportti
Monthly Climatological Summary for syys 2013 Name: OPEx Sääasema City: Karjalohja State: Finland - Davis Vantage Pro2 Elevation: 54 m Lat: N 60° 15' 45" Lon: E 023° 45' 29" Temperature (°C), Rain (mm), Wind Speed (m/s) Heat Cool Avg Mean Deg Deg Wind Dom Day Temp High Time Low Time Days Days Rain Speed High Time Dir ---------------------------------------------------------------------------------- 1 15,1 19,4 14:12 9,1 23:57 2,2 0,3 11,6 0,5 5,4 17:31 E 2 10,1 15,1 16:22 3,3 05:08 6,9 0,0 7,0 1,0 8,0 14:57 NE 3 12,8 19,5 16:16 7,7 23:54 4,5 0,4 0,0 0,3 5,4 10:41 NNW 4 12,4 20,6 13:37 4,7 04:40 5,2 0,6 0,0 0,0 1,8 11:00 N 5 13,0 21,2 15:42 5,6 06:30 4,8 0,9 0,0 0,0 1,3 12:23 NW 6 13,0 20,6 15:38 6,7 05:12 4,6 0,6 0,0 0,2 3,6 14:10 E 7 13,5 21,3 15:04 5,4 06:43 4,5 1,0 0,0 0,0 2,2 17:50 SSW 8 14,6 22,7 15:33 7,3 02:51 3,4 1,0 0,0 0,1 2,7 12:38 ESE 9 14,7 20,5 17:05 8,4 03:00 2,9 0,6 0,0 0,3 6,3 22:50 E 10 15,1 16,9 13:35 13,9 08:04 1,9 0,0 4,2 2,1 6,7 11:44 ENE 11 15,5 19,7 15:27 10,4 23:48 1,8 0,4 1,0 0,8 4,0 04:06 E 12 14,1 20,4 14:46 9,3 07:34 3,2 0,4 11,8 0,1 2,7 13:04 E 13 13,9 20,7 15:09 9,5 23:55 3,7 0,6 0,0 0,2 2,7 12:09 ENE 14 12,6 19,3 14:00 6,6 06:54 4,8 0,4 0,0 0,8 6,3 16:10 E 15 11,9 16,7 15:51 6,1 05:50 5,0 0,0 0,0 1,0 6,3 16:28 E 16 13,2 16,1 14:50 8,2 04:03 3,8 0,0 0,0 1,7 7,6 11:18 E 17 14,3 15,4 16:40 12,9 23:08 2,7 0,0 0,0 2,3 8,0 18:26 E 18 14,2 15,0 23:45 13,3 11:02 2,8 0,0 8,0 2,9 9,4 09:50 E 19 15,3 16,3 15:16 14,6 08:52 1,7 0,0 0,4 2,4 6,7 01:40 E 20 14,4 15,8 14:37 10,2 23:59 2,6 0,0 0,0 1,1 5,8 02:55 E 21 12,1 17,1 14:37 6,6 23:56 4,9 0,0 0,0 0,0 1,3 08:48 N 22 9,4 15,0 13:05 3,1 06:35 7,6 0,0 0,8 0,1 2,7 15:55 NW 23 9,2 12,1 16:08 6,8 04:08 7,8 0,0 0,8 0,9 5,4 12:42 NNW 24 7,4 9,3 15:15 4,1 23:56 9,6 0,0 0,0 0,9 8,0 16:28 NNW 25 4,2 8,0 15:22 1,2 22:46 12,8 0,0 0,0 0,7 5,4 15:44 NW 26 3,6 9,4 14:57 -0,5 07:20 13,4 0,0 1,0 0,5 3,1 14:34 NW 27 6,6 10,2 14:50 2,8 21:20 10,4 0,0 0,4 0,3 4,0 11:13 NNW 28 6,5 11,6 15:35 2,8 04:51 10,5 0,0 0,0 0,8 7,2 10:56 NNE 29 6,5 8,5 13:02 4,9 21:04 10,5 0,0 0,2 0,4 4,9 11:02 NNE 30 4,2 6,2 14:05 0,3 08:27 12,8 0,0 0,2 0,5 4,9 13:56 NNE ---------------------------------------------------------------------------------- 11,4 22,7 8 -0,5 26 173,3 7,2 47,4 0,8 9,4 18 ENE Max >= 25,0: 0 Max <= 0,0: 0 Min <= 0,0: 1 Min <= -10,0: 0 Max Rain: 11,8 on day 12 Days of Rain: 13 (>= 0,1 mm) 7 (>= 1,0 mm) 2 (>= 10,0 mm) Heat Base: 17,0 Cool Base: 17,0 Method: Integration
Vuosiraporttien keskiarvotiedot pohjautuvat Ilmatieteenlaitoksen säähavantoihin.
Vertailutietona on käytetty Lohja Porla sääaseman tietoja. Lähde: Ilmatieteen laitos Ilmastollinen vertailukausi 1981-2010
Vertailutietona on käytetty Lohja Porla sääaseman tietoja. Lähde: Ilmatieteen laitos Ilmastollinen vertailukausi 1981-2010
© 2011-2024, opexi.fi | Sivun tietoja ei saa käyttää ihmisen tai omaisuuden suojeluun |
Sivu päivitetty 20.4.2024 1:40:01
powered by
Cumulus
v1.9.4 (1091)