OPEx sääasema
Leveysaste N 60° 15' 27" Pituusaste E 23° 44' 53" Korkeus merenpinnasta 54 m
NOAA-raportit
Valitse raportti
Monthly Climatological Summary for maalis 2014 Name: OPEx Sääasema City: Karjalohja State: Finland - Davis Vantage Pro2 Elevation: 54 m Lat: N 60° 15' 45" Lon: E 023° 45' 29" Temperature (°C), Rain (mm), Wind Speed (m/s) Heat Cool Avg Mean Deg Deg Wind Dom Day Temp High Time Low Time Days Days Rain Speed High Time Dir ---------------------------------------------------------------------------------- 1 0,6 2,9 14:02 -1,1 07:48 16,4 0,0 0,0 1,4 4,9 10:59 E 2 0,7 1,3 11:42 0,3 00:29 16,3 0,0 2,0 1,0 4,0 14:39 E 3 1,3 1,8 14:16 0,7 06:47 15,6 0,0 3,8 0,7 4,9 04:35 SE 4 1,6 2,7 14:44 0,8 04:26 15,4 0,0 0,0 0,4 2,7 23:30 E 5 1,4 3,8 14:19 -0,8 23:55 15,6 0,0 0,0 1,1 4,9 11:32 E 6 0,2 3,9 16:13 -3,1 05:38 16,8 0,0 0,0 0,5 4,9 16:19 SE 7 2,3 3,7 23:54 1,1 00:00 14,7 0,0 0,0 1,2 10,3 22:27 SSW 8 3,6 7,3 15:39 0,1 23:10 13,4 0,0 7,6 0,9 8,5 00:27 SW 9 3,8 6,8 13:53 -0,4 02:17 13,0 0,0 0,0 0,9 7,6 11:05 SSW 10 5,0 8,4 14:42 2,3 23:55 12,0 0,0 1,0 0,3 4,0 15:13 NE 11 4,0 7,1 15:38 1,5 00:49 13,0 0,0 0,2 0,9 5,4 11:14 WNW 12 3,7 9,0 15:53 -1,2 06:03 12,9 0,0 0,0 0,2 2,7 14:35 WSW 13 3,7 9,8 15:08 -0,9 05:26 13,3 0,0 0,0 0,2 3,1 14:16 SW 14 1,2 7,2 16:46 0,8 16:12 4,5 0,0 0,0 0,8 2,7 17:11 W 15 1,0 1,7 02:08 -0,3 23:50 16,0 0,0 6,6 1,2 8,0 20:50 NW 16 -1,2 0,7 13:29 -6,4 23:13 18,2 0,0 0,2 1,2 7,2 16:21 NW 17 -5,9 0,1 12:36 -13,1 07:05 22,9 0,0 0,0 0,8 7,2 12:21 E 18 -2,9 2,9 14:15 -9,4 01:22 19,9 0,0 0,2 0,4 4,9 13:12 SE 19 -2,3 0,3 14:19 -7,1 23:53 19,3 0,0 0,0 0,7 5,4 07:17 NW 20 -3,8 2,4 23:58 -12,6 06:23 20,8 0,0 3,8 0,9 7,6 19:30 SE 21 4,8 8,2 15:14 1,8 23:27 12,2 0,0 0,8 0,7 7,6 09:08 SSW 22 3,1 6,8 12:44 -0,4 06:15 13,9 0,0 0,0 0,4 6,7 11:33 SW 23 2,7 5,9 15:59 0,6 01:58 14,3 0,0 0,0 0,6 3,6 15:45 SE 24 3,1 9,2 14:41 -1,7 06:45 13,9 0,0 0,0 0,1 2,7 12:28 SSE 25 3,1 8,2 13:53 -2,3 03:33 13,4 0,0 0,0 2,1 11,6 21:54 NE 26 3,9 7,2 13:20 0,2 06:26 13,1 0,0 0,0 3,3 10,7 11:32 ENE 27 3,1 10,2 15:41 -3,3 06:52 13,9 0,0 0,0 0,5 3,6 11:55 E 28 2,4 8,6 13:08 -2,8 03:20 14,6 0,0 0,0 0,8 5,4 10:42 E 29 2,4 8,7 13:28 -4,4 05:50 14,6 0,0 0,0 0,2 4,5 12:10 WSW 30 3,3 8,3 13:43 -2,7 06:37 13,2 0,0 0,0 0,7 6,3 16:31 NW 31 1,4 4,2 16:06 -3,3 23:50 14,6 0,0 0,0 0,9 5,4 13:52 NNW ---------------------------------------------------------------------------------- 1,7 10,2 27 -13,1 17 461,7 0,0 26,2 0,8 11,6 25 E Max >= 25,0: 0 Max <= 0,0: 0 Min <= 0,0: 20 Min <= -10,0: 2 Max Rain: 7,6 on day 8 Days of Rain: 10 (>= 0,1 mm) 6 (>= 1,0 mm) 0 (>= 10,0 mm) Heat Base: 17,0 Cool Base: 17,0 Method: Integration
Vuosiraporttien keskiarvotiedot pohjautuvat Ilmatieteenlaitoksen säähavantoihin.
Vertailutietona on käytetty Lohja Porla sääaseman tietoja. Lähde: Ilmatieteen laitos Ilmastollinen vertailukausi 1981-2010
Vertailutietona on käytetty Lohja Porla sääaseman tietoja. Lähde: Ilmatieteen laitos Ilmastollinen vertailukausi 1981-2010
© 2011-2024, opexi.fi | Sivun tietoja ei saa käyttää ihmisen tai omaisuuden suojeluun |
Sivu päivitetty 19.4.2024 15:00:01
powered by
Cumulus
v1.9.4 (1091)