OPEx sääasema
Leveysaste N 60° 15' 27" Pituusaste E 23° 44' 53" Korkeus merenpinnasta 54 m
NOAA-raportit
Valitse raportti
Monthly Climatological Summary for marras 2014 Name: OPEx City: Karjalohja State: Finland - Davis Vantage Pro2 Elevation: 54 m Lat: N 60° 15' 27" Lon: E 023° 44' 53" Temperature (°C), Rain (mm), Wind Speed (m/s) Heat Cool Avg Mean Deg Deg Wind Dom Day Temp High Time Low Time Days Days Rain Speed High Time Dir ---------------------------------------------------------------------------------- 1 1,8 3,3 00:00 0,6 04:33 16,4 0,0 0,0 1,2 6,7 22:05 I 2 7,3 10,2 19:30 2,4 00:01 10,1 0,0 4,6 1,1 7,6 06:05 E 3 9,9 10,6 21:15 9,2 16:48 7,1 0,0 2,0 1,3 10,3 18:36 ELo 4 9,8 10,5 00:00 8,7 17:17 7,5 0,0 3,8 1,1 8,5 23:10 E 5 3,1 10,2 00:30 -0,2 23:30 15,0 0,0 0,2 1,7 8,0 00:09 P 6 0,9 1,8 23:32 -0,2 00:00 16,7 0,0 12,8 3,0 9,8 19:19 Ko 7 1,6 1,9 12:23 1,2 22:59 15,4 0,0 3,8 1,2 5,8 03:14 PKo 8 0,9 1,5 14:40 -0,6 21:15 16,1 0,0 0,2 0,2 2,7 00:19 LU 9 6,0 9,2 14:02 0,7 00:48 11,0 0,0 0,0 0,2 4,5 20:55 E 10 6,0 8,1 00:00 4,8 11:06 11,0 0,0 0,4 1,1 5,8 10:40 Ka 11 8,5 9,8 11:14 7,2 00:00 8,5 0,0 3,6 0,5 4,9 02:52 E 12 4,9 7,7 00:00 2,3 05:20 12,0 0,0 0,0 0,6 3,6 16:43 Ko 13 3,6 4,7 00:35 2,4 18:40 13,4 0,0 0,0 2,2 6,3 18:16 Ko 14 2,8 3,2 12:42 2,6 06:43 14,1 0,0 0,0 1,8 5,8 01:03 IKo 15 2,2 3,0 00:00 1,8 07:39 14,8 0,0 0,2 2,0 6,3 16:45 IKo 16 2,8 4,4 13:38 1,4 23:46 14,1 0,0 0,0 1,8 5,4 14:16 IKo 17 2,5 3,3 13:17 1,2 00:11 14,5 0,0 0,0 2,5 7,6 05:50 I 18 2,1 2,7 01:38 1,4 22:57 14,6 0,0 0,0 1,7 5,4 00:02 I 19 1,1 2,7 13:45 -1,3 21:35 15,8 0,0 0,0 2,1 6,7 12:23 IKo 20 0,2 1,3 12:34 -0,9 02:22 16,8 0,0 0,0 1,5 6,3 03:35 IKo 21 -0,6 0,3 00:00 -1,3 21:10 17,6 0,0 4,2 1,4 4,9 07:19 Ko 22 -1,4 -0,9 12:20 -2,1 18:03 18,4 0,0 0,0 0,0 1,8 01:05 P 23 0,6 2,8 23:54 -1,3 00:00 16,3 0,0 0,0 0,1 2,7 22:56 IKa 24 1,6 2,8 00:00 0,6 09:14 15,4 0,0 0,0 1,5 8,0 18:34 Ka 25 3,6 4,3 19:18 2,2 00:00 13,4 0,0 0,8 0,8 6,3 12:46 EKa 26 4,6 5,5 12:56 4,1 23:30 12,3 0,0 0,4 0,1 3,1 00:50 ELo 27 3,4 4,1 00:00 2,9 23:44 13,6 0,0 0,4 0,1 3,1 10:02 Ka 28 2,1 3,0 00:00 1,2 16:49 14,9 0,0 2,2 0,1 4,0 12:10 ELo 29 1,4 1,7 20:23 1,1 09:07 15,6 0,0 0,8 0,2 4,0 22:29 I 30 -1,4 1,1 00:00 -6,0 23:58 18,4 0,0 0,0 1,3 5,8 10:14 I ---------------------------------------------------------------------------------- 3,1 10,6 3 -6,0 30 420,8 0,0 40,4 1,2 10,3 3 I Max >= 25,0: 0 Max <= 0,0: 1 Min <= 0,0: 9 Min <= -10,0: 0 Max Rain: 12,8 on day 6 Days of Rain: 16 (>= 0,2 mm) 8 (>= 1,0 mm) 1 (>= 10,0 mm) Heat Base: 17,0 Cool Base: 17,0 Method: Integration
Vuosiraporttien keskiarvotiedot pohjautuvat Ilmatieteenlaitoksen säähavantoihin.
Vertailutietona on käytetty Lohja Porla sääaseman tietoja. Lähde: Ilmatieteen laitos Ilmastollinen vertailukausi 1981-2010
Vertailutietona on käytetty Lohja Porla sääaseman tietoja. Lähde: Ilmatieteen laitos Ilmastollinen vertailukausi 1981-2010
© 2011-2024, opexi.fi | Sivun tietoja ei saa käyttää ihmisen tai omaisuuden suojeluun |
Sivu päivitetty 29.3.2024 9:00:01
powered by
Cumulus
v1.9.4 (1091)