OPEx sääasema
Leveysaste N 60° 15' 27" Pituusaste E 23° 44' 53" Korkeus merenpinnasta 54 m
NOAA-raportit
Valitse raportti
Monthly Climatological Summary for touko 2015 Name: OPEx City: Karjalohja State: Finland - Davis Vantage Pro2 Elevation: 54 m Lat: N 60° 15' 27" Lon: E 023° 44' 53" Temperature (°C), Rain (mm), Wind Speed (m/s) Heat Cool Avg Mean Deg Deg Wind Dom Day Temp High Time Low Time Days Days Rain Speed High Time Dir ---------------------------------------------------------------------------------- 1 9,0 14,7 14:01 4,0 01:52 8,0 0,0 0,0 2,0 8,9 14:23 I 2 6,5 9,3 09:07 4,9 21:14 10,4 0,0 7,6 1,5 7,6 09:26 IKo 3 6,5 11,9 13:26 0,6 06:03 10,5 0,0 0,4 0,3 4,0 10:54 LU 4 6,2 12,3 14:07 -2,3 05:31 10,8 0,0 0,0 1,0 5,8 16:51 IKa 5 8,8 11,6 13:43 5,5 00:22 8,2 0,0 0,0 1,8 6,7 13:37 I 6 9,4 12,5 09:58 6,3 01:13 7,6 0,0 5,0 1,3 8,5 13:01 IKa 7 9,5 16,6 16:13 2,4 04:31 7,5 0,0 0,4 0,7 4,5 16:06 IKa 8 8,1 13,1 12:18 4,1 23:44 8,9 0,0 0,0 0,6 7,2 13:40 E 9 8,2 12,5 13:04 2,4 23:58 8,8 0,0 0,0 0,5 6,7 11:54 LLo 10 7,0 12,9 13:19 -1,2 04:56 9,9 0,0 2,6 1,2 6,7 13:11 IKa 11 8,6 13,6 16:38 5,6 23:50 8,4 0,0 0,0 0,3 4,0 04:21 LLo 12 8,8 11,2 13:31 5,6 00:00 8,2 0,0 11,8 0,8 7,6 11:52 E 13 8,1 10,1 05:44 7,1 20:02 8,9 0,0 15,2 1,4 10,3 13:23 E 14 9,3 13,9 14:48 2,7 23:59 7,6 0,0 0,8 0,6 4,0 14:51 LLu 15 5,1 9,8 10:22 1,4 23:58 11,8 0,0 4,8 0,2 5,4 09:59 E 16 6,8 13,5 15:03 -0,4 04:44 10,2 0,0 0,0 0,3 4,5 11:36 LU 17 7,8 13,6 14:16 -0,1 04:36 9,2 0,0 0,0 0,8 6,7 15:02 IKa 18 8,4 11,8 14:45 4,7 04:11 8,6 0,0 0,2 0,6 5,4 14:01 PKo 19 10,2 16,4 14:32 3,3 02:24 6,8 0,0 0,4 0,2 4,5 14:29 ELo 20 11,5 15,6 13:08 7,7 00:33 5,5 0,0 0,4 0,6 6,3 13:45 E 21 10,7 16,3 14:21 7,2 02:53 6,3 0,0 3,0 0,2 5,4 17:17 ELo 22 11,6 18,1 12:25 4,6 03:52 5,5 0,1 0,0 0,8 8,0 16:33 ELo 23 9,8 14,2 15:45 5,8 23:56 7,2 0,0 2,2 0,8 9,4 08:16 ELo 24 9,8 15,5 15:31 4,2 04:16 7,2 0,0 0,0 0,1 3,6 16:51 LLo 25 10,8 16,3 13:39 5,6 23:58 6,1 0,0 0,0 0,6 6,3 15:38 EKa 26 10,9 17,2 11:18 1,8 05:12 6,1 0,0 0,6 0,5 4,5 16:07 IKa 27 12,7 17,7 14:19 8,1 04:47 4,3 0,0 0,2 0,2 6,3 14:25 Lo 28 12,4 18,1 13:37 6,3 05:18 4,7 0,1 0,0 0,2 4,0 16:45 LLo 29 9,6 13,8 15:54 5,6 23:50 7,4 0,0 1,8 0,4 6,3 17:21 E 30 11,3 16,9 14:34 3,0 02:37 5,7 0,0 0,0 1,4 8,0 19:11 I 31 11,6 16,2 14:05 9,3 01:56 5,4 0,0 0,2 1,1 9,4 14:52 ELo ---------------------------------------------------------------------------------- 9,2 18,1 22 -2,3 4 241,7 0,2 57,6 0,8 10,3 13 Ka Max >= 25,0: 0 Max <= 0,0: 0 Min <= 0,0: 4 Min <= -10,0: 0 Max Rain: 15,2 on day 13 Days of Rain: 18 (>= 0,2 mm) 9 (>= 1,0 mm) 2 (>= 10,0 mm) Heat Base: 17,0 Cool Base: 17,0 Method: Integration
Vuosiraporttien keskiarvotiedot pohjautuvat Ilmatieteenlaitoksen säähavantoihin.
Vertailutietona on käytetty Lohja Porla sääaseman tietoja. Lähde: Ilmatieteen laitos Ilmastollinen vertailukausi 1981-2010
Vertailutietona on käytetty Lohja Porla sääaseman tietoja. Lähde: Ilmatieteen laitos Ilmastollinen vertailukausi 1981-2010
© 2011-2024, opexi.fi | Sivun tietoja ei saa käyttää ihmisen tai omaisuuden suojeluun |
Sivu päivitetty 19.4.2024 5:20:01
powered by
Cumulus
v1.9.4 (1091)