OPEx sääasema
Leveysaste N 60° 15' 27" Pituusaste E 23° 44' 53" Korkeus merenpinnasta 54 m
NOAA-raportit
Valitse raportti
Monthly Climatological Summary for huhti 2016 Name: OPEx City: Karjalohja State: Finland - Davis Vantage Pro2 Elevation: 54 m Lat: N 60° 15' 27" Lon: E 023° 44' 53" Temperature (°C), Rain (mm), Wind Speed (m/s) Heat Cool Avg Mean Deg Deg Wind Dom Day Temp High Time Low Time Days Days Rain Speed High Time Dir ---------------------------------------------------------------------------------- 1 2,2 5,1 14:59 0,2 07:23 14,8 0,0 0,0 0,1 3,1 16:59 LU 2 3,3 9,2 14:24 -1,7 06:46 13,7 0,0 0,2 0,2 5,4 17:12 L 3 3,4 6,0 16:51 0,7 00:00 12,9 0,0 2,2 0,1 2,2 17:49 I 4 2,8 8,0 15:55 -2,2 07:05 14,2 0,0 0,2 0,6 4,0 15:49 IKa 5 3,9 7,6 15:17 1,5 02:06 12,8 0,0 1,4 1,0 4,5 13:40 I 6 7,1 15,0 12:54 3,8 01:42 9,7 0,0 2,6 1,3 8,9 20:08 Ka 7 6,1 10,2 14:47 3,7 23:22 10,6 0,0 2,2 0,9 10,3 17:39 E 8 5,0 9,2 13:12 1,9 06:42 11,7 0,0 0,4 0,7 6,7 10:46 ELo 9 4,0 6,5 18:49 -0,6 23:31 12,8 0,0 1,0 0,3 3,6 09:30 E 10 4,7 11,4 14:28 -0,6 01:00 12,3 0,0 0,0 0,3 4,0 13:13 LU 11 4,7 12,2 13:24 -1,8 05:50 12,3 0,0 0,2 0,5 5,4 15:10 IKa 12 5,1 12,2 13:58 -2,0 06:38 11,8 0,0 0,0 0,4 5,4 18:44 Ka 13 5,7 12,8 15:07 -2,7 06:20 11,3 0,0 0,0 0,8 5,8 16:24 P 14 3,0 6,6 14:28 -2,4 23:57 13,6 0,0 0,0 1,9 7,2 11:03 P 15 2,1 7,9 14:48 -5,1 06:35 14,8 0,0 0,0 0,2 4,0 15:01 Lo 16 6,7 13,9 14:42 -1,1 05:46 10,0 0,0 1,2 0,9 6,7 13:39 Ka 17 6,5 8,4 17:09 4,3 23:08 10,5 0,0 7,4 0,5 4,9 10:09 IKa 18 4,8 8,1 17:12 1,5 03:59 12,2 0,0 0,2 0,3 5,8 17:41 ELo 19 6,1 9,3 15:44 3,8 21:36 10,9 0,0 1,6 0,6 7,6 15:43 ELo 20 3,5 6,2 16:26 1,1 04:44 13,3 0,0 0,8 1,2 5,4 01:00 LU 21 4,5 10,0 13:45 -1,0 23:59 12,5 0,0 0,0 0,8 5,8 15:29 LLu 22 3,1 10,3 11:47 -2,7 06:10 13,9 0,0 2,6 0,4 5,8 13:51 Ko 23 2,4 7,9 13:15 -1,6 06:19 14,3 0,0 2,0 0,5 4,9 10:20 PKo 24 2,3 8,1 14:40 -2,7 05:42 14,5 0,0 5,6 1,3 8,0 18:28 IKo 25 3,8 7,3 16:12 0,4 23:45 13,2 0,0 6,6 1,3 7,6 00:23 EKa 26 2,2 3,0 19:25 0,3 00:39 14,8 0,0 7,2 0,8 7,2 13:18 LU 27 5,3 9,8 16:14 2,8 05:06 11,5 0,0 0,4 0,8 7,2 11:28 Ka 28 6,8 11,7 19:35 2,9 05:52 10,2 0,0 3,6 2,1 7,2 15:02 IKo 29 7,7 13,6 14:50 2,6 23:54 8,9 0,0 0,2 0,9 5,8 12:39 IKa 30 8,5 16,0 16:25 -0,4 05:14 8,5 0,0 0,0 0,6 6,7 16:14 P ---------------------------------------------------------------------------------- 4,6 16,0 30 -5,1 15 368,5 0,0 49,8 0,7 10,3 7 I Max >= 25,0: 0 Max <= 0,0: 0 Min <= 0,0: 15 Min <= -10,0: 0 Max Rain: 7,4 on day 17 Days of Rain: 22 (>= 0,2 mm) 14 (>= 1,0 mm) 0 (>= 10,0 mm) Heat Base: 17,0 Cool Base: 17,0 Method: Integration
Vuosiraporttien keskiarvotiedot pohjautuvat Ilmatieteenlaitoksen säähavantoihin.
Vertailutietona on käytetty Lohja Porla sääaseman tietoja. Lähde: Ilmatieteen laitos Ilmastollinen vertailukausi 1981-2010
Vertailutietona on käytetty Lohja Porla sääaseman tietoja. Lähde: Ilmatieteen laitos Ilmastollinen vertailukausi 1981-2010
© 2011-2024, opexi.fi | Sivun tietoja ei saa käyttää ihmisen tai omaisuuden suojeluun |
Sivu päivitetty 28.3.2024 20:55:01
powered by
Cumulus
v1.9.4 (1091)