OPEx sääasema
Leveysaste N 60° 15' 27" Pituusaste E 23° 44' 53" Korkeus merenpinnasta 54 m
NOAA-raportit
Valitse raportti
Monthly Climatological Summary for kesä 2016 Name: OPEx City: Karjalohja State: Finland - Davis Vantage Pro2 Elevation: 54 m Lat: N 60° 15' 27" Lon: E 023° 44' 53" Temperature (°C), Rain (mm), Wind Speed (m/s) Heat Cool Avg Mean Deg Deg Wind Dom Day Temp High Time Low Time Days Days Rain Speed High Time Dir ---------------------------------------------------------------------------------- 1 18,5 25,6 13:53 8,4 05:06 1,9 3,4 0,0 0,6 4,9 11:48 IKo 2 19,1 27,8 12:57 11,1 03:18 1,5 3,6 1,0 0,1 4,5 14:32 IKo 3 19,5 26,7 13:37 11,3 03:45 1,2 3,8 0,0 0,3 3,6 12:03 LLu 4 14,3 18,7 14:04 9,1 05:16 2,7 0,1 0,0 0,4 4,9 10:56 PLu 5 9,9 15,3 14:10 4,3 04:40 7,1 0,0 0,2 0,4 6,7 13:28 P 6 10,6 15,8 16:03 5,0 04:55 6,4 0,0 0,0 0,4 6,3 11:04 P 7 11,7 19,2 14:49 1,8 03:50 4,6 0,4 0,0 0,3 4,9 13:16 ELo 8 11,5 13,9 14:35 8,1 23:49 5,5 0,0 5,2 0,4 4,5 18:24 LLu 9 9,7 12,2 10:29 7,3 04:21 7,3 0,0 0,0 0,5 4,5 09:15 LLu 10 9,6 13,6 10:07 5,3 23:54 7,2 0,0 3,6 0,2 5,8 20:10 IKa 11 10,9 16,4 15:13 3,3 03:28 6,1 0,0 0,2 0,8 7,6 14:18 PKo 12 13,3 18,6 16:22 7,1 03:58 3,8 0,1 0,0 0,5 7,2 08:42 PLu 13 13,8 20,0 14:05 5,6 04:39 3,7 0,6 0,0 0,2 3,6 14:02 PLu 14 14,7 22,4 15:23 4,2 04:53 3,7 1,5 0,0 0,2 3,6 15:15 IKa 15 16,3 22,3 16:07 5,8 02:49 1,4 1,1 0,0 1,5 7,2 16:45 IKo 16 15,3 17,5 00:00 13,3 05:56 1,7 0,0 11,6 1,8 7,2 04:27 IKo 17 15,2 19,0 18:55 13,0 03:19 2,1 0,3 7,4 0,7 5,4 23:58 IKa 18 15,0 16,9 05:33 13,2 19:58 2,0 0,0 21,6 1,0 8,5 21:31 I 19 14,4 17,9 14:00 12,1 06:30 2,7 0,0 2,6 0,5 5,8 14:23 E 20 15,3 20,4 15:16 11,2 23:59 2,2 0,5 0,0 0,5 6,3 15:58 ELo 21 15,0 21,6 13:39 6,8 04:38 3,0 1,0 0,0 0,2 4,0 16:20 IKa 22 17,1 22,1 16:02 12,6 01:02 1,3 1,4 0,0 0,2 4,5 19:41 ELo 23 15,9 19,5 09:42 11,7 02:57 1,6 0,5 0,0 0,2 4,9 17:26 ELo 24 16,3 20,7 11:18 12,9 01:22 1,2 0,5 0,8 0,3 3,6 15:36 I 25 18,9 25,0 16:48 14,8 06:09 0,6 2,5 0,0 0,0 3,6 17:31 ELo 26 20,0 25,3 11:05 12,9 04:17 0,6 3,6 0,0 0,6 4,5 11:17 IKo 27 17,2 19,4 00:00 14,2 23:57 0,5 0,7 4,2 1,2 7,2 11:53 I 28 17,5 23,2 14:35 10,7 04:58 1,5 2,0 0,0 0,0 2,7 12:59 ELo 29 17,9 23,0 15:25 12,8 04:44 1,1 2,0 0,0 0,1 3,6 17:58 EKa 30 17,5 21,6 15:09 14,0 02:48 0,6 1,1 9,8 0,5 4,9 16:29 IKa ---------------------------------------------------------------------------------- 15,1 27,8 2 1,8 7 86,8 30,7 68,2 0,5 8,5 18 IKo Max >= 25,0: 5 Max <= 0,0: 0 Min <= 0,0: 0 Min <= -10,0: 0 Max Rain: 21,6 on day 18 Days of Rain: 12 (>= 0,2 mm) 9 (>= 1,0 mm) 2 (>= 10,0 mm) Heat Base: 17,0 Cool Base: 17,0 Method: Integration
Vuosiraporttien keskiarvotiedot pohjautuvat Ilmatieteenlaitoksen säähavantoihin.
Vertailutietona on käytetty Lohja Porla sääaseman tietoja. Lähde: Ilmatieteen laitos Ilmastollinen vertailukausi 1981-2010
Vertailutietona on käytetty Lohja Porla sääaseman tietoja. Lähde: Ilmatieteen laitos Ilmastollinen vertailukausi 1981-2010
© 2011-2024, opexi.fi | Sivun tietoja ei saa käyttää ihmisen tai omaisuuden suojeluun |
Sivu päivitetty 25.4.2024 4:15:00
powered by
Cumulus
v1.9.4 (1091)