OPEx sääasema
Leveysaste N 60° 15' 27" Pituusaste E 23° 44' 53" Korkeus merenpinnasta 54 m
NOAA-raportit
Valitse raportti
Monthly Climatological Summary for loka 2016 Name: OPEx City: Karjalohja State: Finland - Davis Vantage Pro2 Elevation: 54 m Lat: N 60° 15' 27" Lon: E 023° 44' 53" Temperature (°C), Rain (mm), Wind Speed (m/s) Heat Cool Avg Mean Deg Deg Wind Dom Day Temp High Time Low Time Days Days Rain Speed High Time Dir ---------------------------------------------------------------------------------- 1 10,3 13,8 13:07 3,8 23:57 6,6 0,0 0,0 0,4 6,3 09:07 EKa 2 6,0 13,1 13:09 1,1 03:41 11,0 0,0 0,0 0,1 4,0 15:16 Ko 3 5,9 11,7 14:17 0,3 06:49 11,1 0,0 0,2 0,1 4,5 13:30 PLu 4 5,3 7,8 14:39 3,0 06:30 11,6 0,0 0,2 0,7 8,9 15:34 P 5 5,5 9,7 15:22 2,4 02:41 11,4 0,0 0,0 1,4 7,6 09:30 PKo 6 5,5 9,9 15:46 1,8 07:29 11,5 0,0 0,0 1,2 7,2 11:04 Ko 7 5,9 10,3 16:42 1,8 04:57 11,1 0,0 0,2 1,4 9,4 13:09 PKo 8 7,6 9,5 15:06 6,5 07:48 9,4 0,0 0,0 3,2 11,6 12:24 PKo 9 6,6 7,9 14:36 4,1 23:57 10,2 0,0 0,0 2,5 8,0 00:05 Ko 10 5,5 8,3 14:38 2,7 03:21 11,3 0,0 0,0 2,3 8,9 12:51 Ko 11 5,3 6,6 14:37 3,9 23:08 11,7 0,0 0,0 1,2 4,5 01:10 Ko 12 3,9 5,3 13:21 2,4 23:45 13,1 0,0 0,0 0,1 4,0 01:33 PKo 13 1,3 2,9 15:38 0,3 05:43 15,1 0,0 0,0 0,2 4,0 21:38 Ko 14 2,5 4,7 15:50 0,7 00:00 14,1 0,0 0,0 0,2 3,6 21:56 Ko 15 4,7 6,3 14:53 2,9 02:24 12,3 0,0 0,2 0,7 5,4 15:40 I 16 5,2 6,3 13:47 4,4 06:45 11,4 0,0 0,0 0,3 4,5 02:05 Ka 17 5,7 7,4 14:46 4,2 03:58 11,2 0,0 0,0 0,0 3,1 15:06 E 18 5,3 7,6 12:39 -0,2 23:56 11,7 0,0 0,0 0,5 5,8 11:57 IKa 19 2,0 7,1 14:00 -1,8 05:36 15,0 0,0 0,2 0,7 4,9 12:20 I 20 1,9 6,3 13:30 -2,2 06:28 15,0 0,0 0,2 1,2 6,3 13:08 I 21 3,6 4,4 01:58 2,6 23:34 13,4 0,0 0,0 2,9 8,0 13:10 I 22 3,2 4,4 23:39 2,5 05:56 13,8 0,0 0,0 2,9 11,2 14:48 I 23 5,2 6,6 11:43 4,3 22:19 11,5 0,0 1,0 3,6 10,7 11:07 I 24 4,7 5,4 22:45 3,8 07:31 12,3 0,0 0,2 2,6 10,3 14:23 I 25 2,4 5,3 00:08 0,8 20:02 14,3 0,0 2,2 1,8 7,2 07:48 IKo 26 0,7 2,1 16:11 -1,5 21:31 16,2 0,0 0,4 0,4 3,6 00:54 LU 27 5,6 8,9 23:37 0,8 00:00 11,3 0,0 4,4 0,5 7,6 14:51 E 28 8,4 9,6 11:46 4,7 23:32 8,3 0,0 9,8 0,7 7,2 02:28 Lo 29 4,6 6,8 13:56 3,3 08:26 12,4 0,0 0,2 1,1 6,3 15:12 LLu 30 4,1 5,7 12:25 1,1 23:51 13,4 0,0 0,0 1,1 6,7 03:35 PLu 31 1,5 3,2 13:34 -1,3 23:43 15,5 0,0 0,2 0,5 5,4 10:57 P ---------------------------------------------------------------------------------- 4,7 13,8 1 -2,2 20 378,2 0,0 19,6 1,2 11,6 8 IKo Max >= 25,0: 0 Max <= 0,0: 0 Min <= 0,0: 5 Min <= -10,0: 0 Max Rain: 9,8 on day 28 Days of Rain: 14 (>= 0,2 mm) 4 (>= 1,0 mm) 0 (>= 10,0 mm) Heat Base: 17,0 Cool Base: 17,0 Method: Integration
Vuosiraporttien keskiarvotiedot pohjautuvat Ilmatieteenlaitoksen säähavantoihin.
Vertailutietona on käytetty Lohja Porla sääaseman tietoja. Lähde: Ilmatieteen laitos Ilmastollinen vertailukausi 1981-2010
Vertailutietona on käytetty Lohja Porla sääaseman tietoja. Lähde: Ilmatieteen laitos Ilmastollinen vertailukausi 1981-2010
© 2011-2024, opexi.fi | Sivun tietoja ei saa käyttää ihmisen tai omaisuuden suojeluun |
Sivu päivitetty 29.3.2024 17:10:01
powered by
Cumulus
v1.9.4 (1091)