OPEx sääasema
Leveysaste N 60° 15' 27" Pituusaste E 23° 44' 53" Korkeus merenpinnasta 54 m
NOAA-raportit
Valitse raportti
Monthly Climatological Summary for touko 2017 Name: OPEx City: Karjalohja State: Finland - Davis Vantage Pro2 Elevation: 54 m Lat: N 60° 15' 27" Lon: E 023° 44' 53" Temperature (°C), Rain (mm), Wind Speed (m/s) Heat Cool Avg Mean Deg Deg Wind Dom Day Temp High Time Low Time Days Days Rain Speed High Time Dir ---------------------------------------------------------------------------------- 1 7,7 14,1 14:52 0,2 01:06 9,3 0,0 0,0 0,3 4,9 03:24 ELo 2 7,8 15,8 13:59 -1,6 05:15 9,1 0,0 0,0 0,7 5,8 16:33 LLu 3 8,5 14,1 15:45 0,4 05:00 8,5 0,0 0,0 1,3 7,6 14:06 P 4 7,1 13,4 15:43 -0,3 05:27 9,9 0,0 0,0 0,9 5,8 10:38 Ko 5 8,6 16,3 14:37 -2,1 05:44 8,3 0,0 0,0 0,3 4,9 18:37 LLu 6 11,2 16,3 12:04 6,1 23:55 5,8 0,0 0,0 1,4 6,7 11:41 P 7 6,9 11,8 13:41 0,2 05:17 10,1 0,0 0,0 0,9 4,9 11:03 Ko 8 3,7 8,9 11:34 -0,2 23:51 13,2 0,0 0,4 1,1 7,2 12:52 PKo 9 2,1 5,7 13:28 -0,4 23:59 14,9 0,0 0,0 0,9 6,3 16:01 P 10 1,6 7,6 14:56 -3,1 05:07 15,4 0,0 3,0 0,4 5,8 15:03 PKo 19 10,8 24,4 14:13 -2,2 04:42 7,3 1,9 1,0 0,5 6,3 13:14 Lo 20 17,6 23,3 15:28 12,1 00:23 1,4 2,0 0,6 0,7 5,8 11:37 P 21 15,1 21,8 15:38 6,6 05:14 2,9 1,0 0,0 0,5 4,9 18:17 IKa 22 14,7 21,7 13:36 6,5 03:02 3,3 1,1 0,0 0,2 5,8 13:03 L 23 13,4 19,3 15:22 4,9 04:56 3,9 0,2 0,0 0,1 4,0 11:58 Lo 24 13,8 18,8 13:49 8,8 02:37 3,4 0,2 0,0 0,5 4,0 14:14 I 25 13,7 19,2 14:15 8,5 04:02 3,5 0,2 0,0 0,4 3,6 20:05 LLu 26 14,0 19,9 14:31 7,4 04:41 3,4 0,5 0,0 0,4 3,6 14:36 LU 27 10,8 15,3 12:25 5,8 04:59 6,1 0,0 0,0 0,4 4,9 00:15 I 28 14,7 21,6 17:39 6,7 03:03 3,4 1,0 0,0 0,6 7,6 15:55 IKa 29 15,0 19,7 11:40 6,6 23:59 2,3 0,3 0,4 0,5 5,8 16:15 PLu 30 9,6 15,6 11:31 2,1 04:55 7,4 0,0 4,8 0,6 4,9 09:44 IKa 31 10,1 14,1 16:53 7,2 23:51 6,9 0,0 1,4 0,4 4,0 14:57 LLu ---------------------------------------------------------------------------------- 10,4 24,4 19 -3,1 10 159,7 8,4 11,6 0,6 7,6 3 PKo Max >= 25,0: 0 Max <= 0,0: 0 Min <= 0,0: 7 Min <= -10,0: 0 Max Rain: 4,8 on day 30 Days of Rain: 7 (>= 0,2 mm) 4 (>= 1,0 mm) 0 (>= 10,0 mm) Heat Base: 17,0 Cool Base: 17,0 Method: Integration
Vuosiraporttien keskiarvotiedot pohjautuvat Ilmatieteenlaitoksen säähavantoihin.
Vertailutietona on käytetty Lohja Porla sääaseman tietoja. Lähde: Ilmatieteen laitos Ilmastollinen vertailukausi 1981-2010
Vertailutietona on käytetty Lohja Porla sääaseman tietoja. Lähde: Ilmatieteen laitos Ilmastollinen vertailukausi 1981-2010
© 2011-2024, opexi.fi | Sivun tietoja ei saa käyttää ihmisen tai omaisuuden suojeluun |
Sivu päivitetty 29.3.2024 13:10:01
powered by
Cumulus
v1.9.4 (1091)