OPEx sääasema
Leveysaste N 60° 15' 27" Pituusaste E 23° 44' 53" Korkeus merenpinnasta 54 m
NOAA-raportit
Valitse raportti
Monthly Climatological Summary for syys 2017 Name: OPEx City: Karjalohja State: Finland - Davis Vantage Pro2 Elevation: 54 m Lat: N 60° 15' 27" Lon: E 023° 44' 53" Temperature (°C), Rain (mm), Wind Speed (m/s) Heat Cool Avg Mean Deg Deg Wind Dom Day Temp High Time Low Time Days Days Rain Speed High Time Dir ---------------------------------------------------------------------------------- 1 14,7 17,4 01:20 8,1 23:55 2,4 0,1 0,0 0,3 6,3 05:51 ELo 2 12,2 15,4 17:12 7,6 00:56 4,8 0,0 0,2 0,3 3,6 22:34 IKo 3 13,2 17,3 14:22 10,5 23:59 3,8 0,0 0,0 1,8 8,5 23:01 Ko 4 11,9 16,0 15:57 8,2 05:11 5,1 0,0 0,0 2,9 10,7 12:05 IKo 5 11,4 15,2 14:29 8,3 06:19 5,6 0,0 0,0 2,1 10,3 11:24 IKo 6 10,6 15,6 14:12 5,4 07:08 6,4 0,0 0,0 0,9 6,7 12:43 Ko 7 10,3 13,3 12:07 8,1 02:48 6,6 0,0 0,6 0,4 5,8 12:07 Ko 8 10,2 12,7 15:56 8,3 06:46 6,5 0,0 1,0 0,0 2,2 13:22 ELo 9 13,1 15,8 17:24 9,0 00:52 3,7 0,0 9,0 0,5 4,9 10:58 I 10 14,9 15,9 15:48 14,3 22:49 2,1 0,0 5,8 0,5 4,0 03:17 IKa 11 14,2 17,7 13:18 11,3 05:17 2,8 0,0 1,0 0,2 4,9 14:28 E 15 12,2 14,8 16:04 7,9 23:56 3,4 0,0 28,8 0,1 4,0 03:31 IKo 16 11,4 17,3 13:20 7,9 00:00 5,6 0,0 1,6 0,1 4,0 11:24 I 17 9,4 13,5 14:32 5,2 23:55 7,6 0,0 0,0 0,1 3,1 14:31 I 18 7,2 10,9 12:46 2,2 06:21 9,8 0,0 0,0 0,2 5,4 16:19 PKo 19 9,2 11,2 11:59 7,6 23:34 7,7 0,0 1,0 0,0 3,6 11:12 Ko 20 9,3 11,8 16:10 7,2 07:02 7,7 0,0 1,6 0,4 4,0 12:22 IKo 21 12,2 14,9 14:24 10,3 00:45 4,8 0,0 0,0 1,6 7,6 23:27 IKo 22 11,2 12,4 00:00 10,2 07:27 5,8 0,0 1,0 2,4 8,0 00:53 Ko 23 13,0 16,5 15:18 10,9 00:21 4,0 0,0 0,0 1,7 6,7 11:52 IKo 24 12,0 16,4 14:31 6,9 06:52 5,0 0,0 0,0 1,1 5,8 09:31 IKo 25 11,3 16,6 15:28 6,2 06:05 5,7 0,0 0,2 0,9 5,4 15:05 IKo 26 10,7 13,9 15:41 5,9 06:00 6,3 0,0 0,0 0,9 5,4 10:23 IKo 27 12,2 14,9 14:43 7,6 23:54 4,8 0,0 0,0 1,0 4,5 00:49 I 28 10,1 12,8 16:17 4,8 23:48 6,9 0,0 0,0 0,8 4,5 01:00 IKo 29 8,3 11,5 16:49 4,4 00:46 8,7 0,0 0,0 0,1 3,6 23:33 I 30 9,4 10,3 14:56 8,2 09:00 7,6 0,0 0,0 1,2 4,9 16:13 IKo ---------------------------------------------------------------------------------- 11,3 17,7 11 2,2 18 151,2 0,1 51,8 0,9 10,7 4 IKo Max >= 25,0: 0 Max <= 0,0: 0 Min <= 0,0: 0 Min <= -10,0: 0 Max Rain: 28,8 on day 15 Days of Rain: 12 (>= 0,2 mm) 9 (>= 1,0 mm) 1 (>= 10,0 mm) Heat Base: 17,0 Cool Base: 17,0 Method: Integration
Vuosiraporttien keskiarvotiedot pohjautuvat Ilmatieteenlaitoksen säähavantoihin.
Vertailutietona on käytetty Lohja Porla sääaseman tietoja. Lähde: Ilmatieteen laitos Ilmastollinen vertailukausi 1981-2010
Vertailutietona on käytetty Lohja Porla sääaseman tietoja. Lähde: Ilmatieteen laitos Ilmastollinen vertailukausi 1981-2010
© 2011-2024, opexi.fi | Sivun tietoja ei saa käyttää ihmisen tai omaisuuden suojeluun |
Sivu päivitetty 28.3.2024 22:00:01
powered by
Cumulus
v1.9.4 (1091)