OPEx sääasema
Leveysaste N 60° 15' 27" Pituusaste E 23° 44' 53" Korkeus merenpinnasta 54 m
NOAA-raportit
Valitse raportti
Monthly Climatological Summary for loka 2017 Name: OPEx City: Karjalohja State: Finland - Davis Vantage Pro2 Elevation: 54 m Lat: N 60° 15' 27" Lon: E 023° 44' 53" Temperature (°C), Rain (mm), Wind Speed (m/s) Heat Cool Avg Mean Deg Deg Wind Dom Day Temp High Time Low Time Days Days Rain Speed High Time Dir ---------------------------------------------------------------------------------- 1 9,3 10,2 13:33 8,3 06:32 7,7 0,0 0,0 0,8 4,5 04:57 I 2 9,2 9,8 06:57 8,5 18:35 7,8 0,0 0,0 1,2 7,6 12:23 I 3 8,9 11,0 23:49 7,7 04:26 8,1 0,0 19,8 1,4 8,9 06:53 IKa 4 10,4 12,4 15:03 5,6 23:58 6,6 0,0 12,0 0,3 5,8 17:23 E 5 8,2 10,3 14:42 3,2 02:23 8,8 0,0 2,8 0,2 4,0 04:15 I 6 7,7 9,9 15:09 5,4 08:08 9,3 0,0 0,4 0,0 2,2 03:45 P 7 7,7 10,6 12:56 5,4 01:50 9,3 0,0 2,6 0,1 3,6 23:06 I 8 8,9 9,9 14:03 7,4 00:07 8,1 0,0 14,2 1,7 7,6 18:01 IKo 9 8,3 9,6 12:26 7,1 22:02 8,7 0,0 8,0 1,1 7,2 14:28 Ko 10 7,9 8,9 10:37 7,3 00:00 9,1 0,0 5,2 1,1 7,2 15:12 Ko 11 6,8 7,9 16:11 2,2 23:58 10,2 0,0 0,8 0,1 3,1 00:17 PKo 12 5,1 8,8 23:52 0,2 04:01 11,9 0,0 7,8 1,2 7,2 18:04 IKo 13 7,5 8,7 00:00 5,2 23:54 9,5 0,0 1,6 0,7 7,6 05:04 PKo 14 7,0 9,8 20:02 5,0 03:01 9,7 0,0 4,2 0,2 4,9 15:49 I 15 8,1 11,8 15:19 5,7 20:29 8,8 0,0 0,2 0,2 3,1 14:03 LLu 16 10,9 14,4 14:53 7,3 23:36 6,0 0,0 3,0 0,4 6,7 07:54 LLo 17 7,5 11,4 19:33 3,6 06:03 9,4 0,0 0,8 0,1 5,4 23:47 I 18 8,5 11,2 00:00 6,6 22:27 8,5 0,0 1,6 0,3 4,5 01:36 LU 19 4,5 8,6 13:02 -0,6 23:58 12,6 0,0 0,4 0,1 2,2 14:34 LU 20 1,0 6,4 15:39 -2,3 06:17 16,0 0,0 0,2 0,0 1,8 14:59 P 21 -0,6 4,5 15:45 -4,0 08:23 17,6 0,0 0,0 0,1 2,7 13:42 Ko 22 0,2 4,2 14:51 -3,2 09:12 16,8 0,0 0,2 0,0 2,2 14:48 PKo 23 0,7 2,9 13:54 -2,8 23:34 16,3 0,0 0,0 1,0 6,3 11:22 Ko 24 0,1 3,8 16:08 -4,1 05:39 16,9 0,0 0,2 0,2 6,3 22:51 I 25 1,9 3,8 13:29 0,4 06:02 15,1 0,0 3,4 2,5 12,5 12:52 IKa 26 0,7 1,5 14:54 -0,7 23:59 16,3 0,0 15,0 0,8 5,8 00:07 IKo 27 0,1 1,4 14:17 -0,8 08:08 16,9 0,0 0,0 0,4 3,1 01:13 P 28 3,5 5,4 14:19 -0,4 00:05 13,5 0,0 8,0 0,5 5,4 15:28 Ka 29 2,4 4,2 00:00 1,4 23:07 15,2 0,0 2,4 0,9 5,4 17:32 PLu 30 1,3 2,2 12:33 0,2 21:44 15,7 0,0 0,2 1,8 8,9 13:03 LU 31 -0,9 1,9 13:26 -4,3 20:15 17,9 0,0 0,0 0,8 4,5 05:11 LLu ---------------------------------------------------------------------------------- 5,3 14,4 16 -4,3 31 364,3 0,0 115,0 0,7 12,5 25 IKo Max >= 25,0: 0 Max <= 0,0: 0 Min <= 0,0: 10 Min <= -10,0: 0 Max Rain: 19,8 on day 3 Days of Rain: 25 (>= 0,2 mm) 16 (>= 1,0 mm) 4 (>= 10,0 mm) Heat Base: 17,0 Cool Base: 17,0 Method: Integration
Vuosiraporttien keskiarvotiedot pohjautuvat Ilmatieteenlaitoksen säähavantoihin.
Vertailutietona on käytetty Lohja Porla sääaseman tietoja. Lähde: Ilmatieteen laitos Ilmastollinen vertailukausi 1981-2010
Vertailutietona on käytetty Lohja Porla sääaseman tietoja. Lähde: Ilmatieteen laitos Ilmastollinen vertailukausi 1981-2010
© 2011-2024, opexi.fi | Sivun tietoja ei saa käyttää ihmisen tai omaisuuden suojeluun |
Sivu päivitetty 28.3.2024 21:25:01
powered by
Cumulus
v1.9.4 (1091)