OPEx sääasema
Leveysaste N 60° 15' 27" Pituusaste E 23° 44' 53" Korkeus merenpinnasta 54 m
NOAA-raportit
Valitse raportti
Monthly Climatological Summary for marras 2017 Name: OPEx City: Karjalohja State: Finland - Davis Vantage Pro2 Elevation: 54 m Lat: N 60° 15' 27" Lon: E 023° 44' 53" Temperature (°C), Rain (mm), Wind Speed (m/s) Heat Cool Avg Mean Deg Deg Wind Dom Day Temp High Time Low Time Days Days Rain Speed High Time Dir ---------------------------------------------------------------------------------- 1 0,3 1,9 12:22 -3,8 00:00 16,7 0,0 1,8 1,3 5,4 08:40 I 2 1,3 3,7 14:48 -0,9 21:17 15,6 0,0 0,2 1,2 6,7 14:07 I 3 1,9 6,1 23:54 -0,1 07:12 15,0 0,0 0,2 0,1 4,0 23:04 ELo 4 6,9 8,4 11:09 5,8 21:22 10,1 0,0 1,4 0,5 5,8 13:09 E 5 7,7 8,5 10:20 7,2 00:03 9,3 0,0 0,2 0,4 5,4 12:29 E 6 6,9 8,5 10:46 1,6 23:56 10,1 0,0 3,4 0,4 5,8 06:18 E 7 2,3 5,4 14:11 -0,2 05:58 14,7 0,0 0,2 0,0 2,2 16:28 E 8 4,9 7,4 12:40 1,7 00:18 12,1 0,0 0,0 0,2 4,0 13:17 E 9 5,9 6,6 11:58 3,4 00:43 11,1 0,0 3,4 0,7 7,2 19:54 ELo 10 5,2 7,3 11:25 1,4 21:48 11,8 0,0 2,6 0,3 6,3 00:08 E 11 4,8 5,6 04:54 3,6 20:45 12,2 0,0 12,6 1,4 7,2 09:45 I 12 2,6 3,7 00:00 1,9 10:56 14,4 0,0 2,0 0,4 5,8 01:55 IKo 13 1,3 2,8 02:37 -1,1 23:24 15,7 0,0 0,8 0,0 2,2 09:25 LU 14 0,8 3,1 13:43 -1,0 00:00 16,2 0,0 0,2 0,0 2,7 13:55 --- 15 2,0 3,6 12:58 0,1 00:00 15,0 0,0 2,2 0,0 2,2 08:12 LU 16 2,3 4,7 13:44 -0,6 23:26 14,7 0,0 0,2 0,1 3,1 00:53 LLu 17 4,2 6,7 08:34 -0,1 00:00 12,4 0,0 5,2 0,5 8,0 06:26 E 18 4,3 5,2 10:51 3,0 05:58 12,5 0,0 11,8 0,3 4,5 14:21 EKa 19 3,0 4,5 00:00 1,6 20:23 13,9 0,0 11,0 0,8 5,4 00:16 I 20 1,2 2,4 00:00 -0,3 23:34 15,4 0,0 1,4 1,0 4,5 11:01 PKo 21 0,5 0,9 14:26 -0,2 00:00 16,0 0,0 0,4 0,5 3,6 23:19 P 22 0,7 1,4 15:08 0,1 07:19 15,8 0,0 0,0 1,7 7,2 21:29 IKo 23 1,5 3,3 23:51 0,5 10:27 15,5 0,0 4,2 2,7 11,2 08:51 IKa 24 5,9 7,4 11:02 3,3 00:00 11,1 0,0 7,0 0,6 6,7 01:43 EKa 25 2,3 4,4 00:00 -0,5 20:16 14,6 0,0 3,0 0,0 1,3 09:43 --- 26 1,4 2,7 02:56 -0,1 21:19 15,4 0,0 7,8 0,2 3,1 03:36 Ko 27 3,7 4,7 16:53 0,8 00:00 13,2 0,0 4,6 0,7 6,7 14:00 EKa 28 2,9 4,3 05:02 1,0 17:10 14,0 0,0 9,6 1,0 6,7 11:11 IKa 29 2,6 3,8 17:52 1,2 04:01 14,4 0,0 3,4 0,8 4,9 03:09 IKa 30 2,9 3,6 01:27 2,2 22:10 14,1 0,0 4,0 0,9 4,9 04:38 I ---------------------------------------------------------------------------------- 3,1 8,5 5 -3,8 1 413,0 0,0 104,8 0,6 11,2 23 IKa Max >= 25,0: 0 Max <= 0,0: 0 Min <= 0,0: 12 Min <= -10,0: 0 Max Rain: 12,6 on day 11 Days of Rain: 28 (>= 0,2 mm) 20 (>= 1,0 mm) 3 (>= 10,0 mm) Heat Base: 17,0 Cool Base: 17,0 Method: Integration
Vuosiraporttien keskiarvotiedot pohjautuvat Ilmatieteenlaitoksen säähavantoihin.
Vertailutietona on käytetty Lohja Porla sääaseman tietoja. Lähde: Ilmatieteen laitos Ilmastollinen vertailukausi 1981-2010
Vertailutietona on käytetty Lohja Porla sääaseman tietoja. Lähde: Ilmatieteen laitos Ilmastollinen vertailukausi 1981-2010
© 2011-2024, opexi.fi | Sivun tietoja ei saa käyttää ihmisen tai omaisuuden suojeluun |
Sivu päivitetty 20.4.2024 1:45:01
powered by
Cumulus
v1.9.4 (1091)