OPEx sääasema
Leveysaste N 60° 15' 27" Pituusaste E 23° 44' 53" Korkeus merenpinnasta 54 m
NOAA-raportit
Valitse raportti
Monthly Climatological Summary for joulu 2017 Name: OPEx City: Karjalohja State: Finland - Davis Vantage Pro2 Elevation: 54 m Lat: N 60° 15' 27" Lon: E 023° 44' 53" Temperature (°C), Rain (mm), Wind Speed (m/s) Heat Cool Avg Mean Deg Deg Wind Dom Day Temp High Time Low Time Days Days Rain Speed High Time Dir ---------------------------------------------------------------------------------- 1 1,0 2,3 00:00 0,2 21:52 16,0 0,0 4,4 1,6 6,3 07:35 PKo 2 0,4 2,8 23:57 -1,3 08:16 16,6 0,0 0,0 0,2 5,8 23:51 E 3 4,3 5,5 12:47 2,2 22:13 12,7 0,0 9,8 0,7 7,6 06:22 E 4 0,7 2,3 00:00 -0,8 22:47 16,2 0,0 0,0 0,3 4,0 18:18 LU 5 -0,6 0,3 13:28 -2,2 02:24 17,6 0,0 1,4 0,0 0,9 00:18 --- 6 -1,0 0,4 09:28 -4,8 23:48 18,0 0,0 0,0 0,0 2,2 09:49 LU 7 -0,9 3,4 23:54 -5,3 00:12 17,9 0,0 4,4 1,1 7,6 17:07 IKa 8 4,1 5,3 12:43 2,6 20:22 12,8 0,0 6,8 0,4 6,3 15:13 E 9 3,6 4,3 11:57 2,8 00:20 13,3 0,0 1,6 1,4 8,5 12:28 E 10 1,7 3,2 00:01 1,1 13:23 15,3 0,0 1,6 1,4 9,4 03:44 Ka 11 1,0 1,9 01:24 0,2 22:00 16,0 0,0 0,2 1,9 7,6 20:31 I 12 0,6 2,0 20:31 -0,2 01:23 16,4 0,0 18,8 1,4 7,2 07:30 I 13 0,2 2,0 22:36 -1,8 10:24 16,8 0,0 0,6 0,3 5,4 22:20 E 14 1,1 2,3 02:17 -0,3 20:31 15,9 0,0 1,4 1,9 9,4 18:58 Ka 15 1,3 2,4 19:46 0,2 00:00 15,7 0,0 4,4 1,5 7,6 00:46 IKa 16 1,2 2,4 00:20 0,3 19:01 15,6 0,0 8,8 0,2 5,4 03:47 Ka 17 -0,5 0,4 00:00 -2,7 17:12 17,5 0,0 0,0 0,1 2,7 09:59 LU 18 -0,5 2,2 19:03 -3,7 08:31 17,5 0,0 2,4 0,2 4,5 16:14 E 19 1,0 1,4 03:27 0,5 23:51 16,0 0,0 0,4 0,0 2,2 03:21 L 20 2,2 3,9 23:55 0,4 00:05 14,8 0,0 0,8 0,7 6,7 14:46 ELo 21 2,1 4,4 00:53 -0,2 23:39 14,9 0,0 1,8 0,2 6,3 00:37 LLo 22 -0,4 0,7 14:56 -2,1 09:45 17,4 0,0 0,0 0,1 3,1 19:44 LLu 23 0,2 3,0 14:46 -4,3 02:30 16,8 0,0 5,6 0,4 6,3 13:41 LLo 24 -0,1 1,7 00:00 -3,3 22:49 17,1 0,0 0,8 0,9 6,7 01:34 LLu 25 -1,5 3,7 23:49 -5,2 02:39 18,5 0,0 2,8 0,1 3,6 19:41 EKa 26 1,2 3,9 00:22 0,0 17:06 15,8 0,0 0,2 0,8 5,8 20:05 I 27 2,1 3,3 00:17 0,9 19:50 14,8 0,0 5,6 0,2 6,7 00:40 E 28 2,2 3,1 23:40 1,3 08:57 14,8 0,0 4,0 1,8 7,6 11:19 I 29 3,2 3,8 12:11 1,4 23:07 13,8 0,0 2,4 0,7 6,3 00:01 Ka 30 0,8 1,9 00:00 -0,4 16:37 16,2 0,0 2,6 0,0 2,7 20:45 EKa 31 0,2 0,8 00:28 -0,1 02:51 16,8 0,0 2,2 0,8 6,3 22:49 IKa ---------------------------------------------------------------------------------- 1,0 5,5 3 -5,3 7 495,5 0,0 95,8 0,7 9,4 10 IKa Max >= 25,0: 0 Max <= 0,0: 0 Min <= 0,0: 18 Min <= -10,0: 0 Max Rain: 18,8 on day 12 Days of Rain: 26 (>= 0,2 mm) 20 (>= 1,0 mm) 1 (>= 10,0 mm) Heat Base: 17,0 Cool Base: 17,0 Method: Integration
Vuosiraporttien keskiarvotiedot pohjautuvat Ilmatieteenlaitoksen säähavantoihin.
Vertailutietona on käytetty Lohja Porla sääaseman tietoja. Lähde: Ilmatieteen laitos Ilmastollinen vertailukausi 1981-2010
Vertailutietona on käytetty Lohja Porla sääaseman tietoja. Lähde: Ilmatieteen laitos Ilmastollinen vertailukausi 1981-2010
© 2011-2024, opexi.fi | Sivun tietoja ei saa käyttää ihmisen tai omaisuuden suojeluun |
Sivu päivitetty 20.4.2024 10:20:00
powered by
Cumulus
v1.9.4 (1091)