OPEx sääasema
Leveysaste N 60° 15' 27" Pituusaste E 23° 44' 53" Korkeus merenpinnasta 54 m
NOAA-raportit
Valitse raportti
Monthly Climatological Summary for huhti 2018 Name: OPEx City: Karjalohja State: Finland - Davis Vantage Pro2 Elevation: 54 m Lat: N 60° 15' 27" Lon: E 023° 44' 53" Temperature (°C), Rain (mm), Wind Speed (m/s) Heat Cool Avg Mean Deg Deg Wind Dom Day Temp High Time Low Time Days Days Rain Speed High Time Dir ---------------------------------------------------------------------------------- 1 -1,9 3,0 15:11 -9,3 05:08 18,8 0,0 0,0 1,5 6,7 12:46 IKo 2 -0,1 0,8 01:32 -1,0 08:41 17,1 0,0 8,6 1,7 6,7 03:46 P 3 -1,0 3,6 14:33 -7,2 23:52 18,0 0,0 0,0 0,2 3,6 14:33 LLu 4 -1,4 5,6 13:36 -12,7 06:23 18,4 0,0 1,2 1,0 6,7 14:34 IKa 5 3,7 6,9 18:45 2,1 07:01 13,3 0,0 1,2 0,7 4,9 15:26 I 6 2,5 4,4 16:30 1,0 20:59 14,5 0,0 1,8 0,5 7,2 12:25 ELo 7 2,8 6,4 12:44 -0,6 06:59 14,2 0,0 0,2 0,4 6,3 00:39 LLu 8 3,7 8,2 16:50 0,8 07:06 13,1 0,0 0,0 0,2 2,7 00:02 IKa 9 5,2 13,1 14:16 -0,8 07:02 11,4 0,0 1,2 0,6 6,7 23:35 P 10 2,4 6,8 16:19 -1,8 23:48 14,6 0,0 3,0 1,1 6,7 15:06 P 11 1,8 7,8 14:30 -4,4 06:44 15,2 0,0 0,0 0,5 4,9 11:54 I 12 2,7 9,9 14:14 -4,8 05:15 14,3 0,0 0,0 0,4 3,6 10:29 IKa 13 4,0 11,2 13:44 -3,7 06:39 13,0 0,0 0,0 0,6 4,9 16:59 I 14 5,8 14,7 14:25 -2,7 06:37 11,2 0,0 0,0 0,5 3,6 14:56 I 15 4,8 11,7 12:44 -1,7 06:26 12,1 0,0 0,2 0,3 3,6 11:50 I 16 7,6 12,7 17:11 4,0 06:32 9,4 0,0 0,2 0,2 3,1 15:07 I 17 5,8 9,0 14:58 3,5 11:00 11,2 0,0 0,0 0,3 4,0 15:37 LU 18 8,5 15,1 14:42 4,3 02:55 8,5 0,0 0,0 0,5 4,0 08:17 LU 19 9,9 15,1 15:01 4,9 06:59 7,1 0,0 0,0 0,9 4,9 12:15 LU 20 9,2 16,9 16:05 2,3 04:37 7,8 0,0 0,0 0,1 3,1 09:35 Lo 21 8,4 13,3 13:15 3,4 05:37 8,6 0,0 1,0 1,3 7,6 09:18 LLu 22 5,7 9,4 10:42 2,7 23:49 11,3 0,0 0,6 0,5 5,4 14:41 P 23 4,4 9,1 12:47 -0,1 03:28 12,6 0,0 0,0 1,2 7,2 20:11 IKa 24 6,6 10,8 13:02 3,9 06:58 10,4 0,0 0,4 0,8 6,3 13:21 EKa 25 6,8 10,8 15:34 2,5 23:58 10,2 0,0 3,6 0,2 3,6 01:15 ELo 26 5,4 12,5 14:58 -0,5 03:17 11,6 0,0 0,0 0,1 3,1 12:54 L 27 6,9 13,5 12:40 1,8 01:40 10,1 0,0 0,0 0,5 7,2 14:27 E 28 7,5 13,2 15:07 3,2 00:00 9,5 0,0 0,0 0,3 4,9 17:02 ELo 29 5,1 9,8 15:13 -0,6 03:42 11,9 0,0 3,2 0,1 2,2 11:50 Ko 30 7,1 14,6 15:34 0,4 06:05 9,9 0,0 0,0 0,5 4,5 15:23 IKa ---------------------------------------------------------------------------------- 4,7 16,9 20 -12,7 4 369,3 0,0 26,4 0,6 7,6 21 IKo Max >= 25,0: 0 Max <= 0,0: 0 Min <= 0,0: 15 Min <= -10,0: 1 Max Rain: 8,6 on day 2 Days of Rain: 14 (>= 0,2 mm) 9 (>= 1,0 mm) 0 (>= 10,0 mm) Heat Base: 17,0 Cool Base: 17,0 Method: Integration
Vuosiraporttien keskiarvotiedot pohjautuvat Ilmatieteenlaitoksen säähavantoihin.
Vertailutietona on käytetty Lohja Porla sääaseman tietoja. Lähde: Ilmatieteen laitos Ilmastollinen vertailukausi 1981-2010
Vertailutietona on käytetty Lohja Porla sääaseman tietoja. Lähde: Ilmatieteen laitos Ilmastollinen vertailukausi 1981-2010
© 2011-2024, opexi.fi | Sivun tietoja ei saa käyttää ihmisen tai omaisuuden suojeluun |
Sivu päivitetty 28.3.2024 12:50:00
powered by
Cumulus
v1.9.4 (1091)