OPEx sääasema
Leveysaste N 60° 15' 27" Pituusaste E 23° 44' 53" Korkeus merenpinnasta 54 m
NOAA-raportit
Valitse raportti
Monthly Climatological Summary for elo 2018 Name: OPEx City: Karjalohja State: Finland - Davis Vantage Pro2 Elevation: 54 m Lat: N 60° 15' 27" Lon: E 023° 44' 53" Temperature (°C), Rain (mm), Wind Speed (m/s) Heat Cool Avg Mean Deg Deg Wind Dom Day Temp High Time Low Time Days Days Rain Speed High Time Dir ---------------------------------------------------------------------------------- 1 24,5 31,4 14:13 17,2 05:13 0,0 7,5 0,0 0,4 4,5 16:10 IKa 2 23,5 30,3 16:08 16,6 05:14 0,0 6,5 1,6 0,2 4,5 16:56 IKa 3 23,4 28,9 13:02 17,8 03:51 0,0 6,4 0,0 0,1 3,6 12:02 Ka 4 19,8 24,4 10:45 15,5 05:33 0,2 3,0 1,4 0,0 2,2 16:36 Ka 5 19,6 25,0 14:27 14,6 23:57 0,3 2,8 0,4 0,1 4,0 20:08 LLu 6 17,3 21,8 13:00 13,3 05:43 1,0 1,3 0,0 0,2 4,0 12:59 LU 7 18,2 24,2 14:17 11,8 23:50 1,2 2,5 0,0 0,1 3,1 14:48 L 8 18,1 25,4 13:52 8,1 05:29 2,5 3,6 0,0 0,5 5,8 15:28 IKa 9 22,8 29,5 13:19 16,3 00:51 0,1 6,0 0,0 0,5 7,2 11:45 ELo 10 22,5 28,8 13:09 15,5 04:59 0,1 5,6 0,0 0,7 7,2 13:15 E 11 19,3 23,1 14:06 12,8 23:51 0,3 2,6 0,0 0,4 6,3 10:06 E 12 13,8 18,8 13:18 9,8 04:49 3,3 0,0 24,4 0,2 4,9 13:48 IKo 13 14,5 19,5 12:35 9,3 05:00 2,8 0,3 0,2 0,1 3,1 10:40 LLu 14 14,6 20,9 14:02 6,7 05:44 3,3 0,9 0,0 0,1 3,6 13:11 E 15 15,5 18,7 14:10 11,8 23:59 1,8 0,3 0,0 0,0 2,7 14:16 Ko 16 16,0 22,9 15:31 8,6 06:02 2,8 1,8 0,0 0,1 4,0 16:43 E 17 18,9 24,4 13:33 12,8 01:52 0,9 2,8 0,0 0,3 5,4 14:11 ELo 18 17,7 21,5 16:13 13,4 23:54 0,7 1,4 2,6 0,0 3,1 09:01 ELo 19 17,1 21,4 14:42 11,7 23:53 0,9 1,0 4,4 0,3 5,4 02:55 E 20 13,8 18,7 09:21 9,2 02:17 3,1 0,1 12,8 0,2 6,3 11:34 I 21 13,4 17,8 13:36 9,3 05:02 3,4 0,0 0,4 0,2 2,7 14:51 LLu 22 14,0 19,3 14:51 6,2 06:26 3,2 0,4 0,0 0,3 5,8 15:24 E 23 18,2 21,0 13:39 15,4 23:53 0,1 1,3 0,2 0,6 7,2 01:35 E 24 18,2 23,5 14:11 13,8 01:37 0,8 2,0 4,2 0,3 4,5 11:02 IKa 25 16,5 18,1 13:59 12,5 23:58 0,8 0,3 4,4 0,2 4,9 12:19 ELo 26 13,3 16,7 14:21 9,7 03:15 3,7 0,0 3,4 0,1 4,5 11:22 E 27 13,6 18,6 11:47 8,8 06:27 3,5 0,2 0,0 0,1 4,5 12:10 ELo 28 14,5 19,2 12:00 9,5 00:00 2,7 0,3 0,0 0,5 4,0 11:58 I 29 15,1 20,7 13:58 9,5 06:04 2,8 0,9 0,0 0,4 4,5 13:43 IKo 30 13,4 19,2 13:49 8,0 04:52 3,7 0,2 0,0 0,1 2,7 13:42 IKo 31 14,3 19,5 13:55 8,8 03:10 2,8 0,5 0,0 0,1 3,6 16:17 IKo ---------------------------------------------------------------------------------- 17,3 31,4 1 6,2 22 52,8 62,5 60,4 0,2 7,2 9 EKa Max >= 25,0: 7 Max <= 0,0: 0 Min <= 0,0: 0 Min <= -10,0: 0 Max Rain: 24,4 on day 12 Days of Rain: 13 (>= 0,2 mm) 9 (>= 1,0 mm) 2 (>= 10,0 mm) Heat Base: 17,0 Cool Base: 17,0 Method: Integration
Vuosiraporttien keskiarvotiedot pohjautuvat Ilmatieteenlaitoksen säähavantoihin.
Vertailutietona on käytetty Lohja Porla sääaseman tietoja. Lähde: Ilmatieteen laitos Ilmastollinen vertailukausi 1981-2010
Vertailutietona on käytetty Lohja Porla sääaseman tietoja. Lähde: Ilmatieteen laitos Ilmastollinen vertailukausi 1981-2010
© 2011-2024, opexi.fi | Sivun tietoja ei saa käyttää ihmisen tai omaisuuden suojeluun |
Sivu päivitetty 29.3.2024 15:30:01
powered by
Cumulus
v1.9.4 (1091)