OPEx sääasema
Leveysaste N 60° 15' 27" Pituusaste E 23° 44' 53" Korkeus merenpinnasta 54 m
NOAA-raportit
Valitse raportti
Monthly Climatological Summary for tammi 2020 Name: OPEx City: Karjalohja State: Finland - Davis Vantage Pro2 Elevation: 54 m Lat: N 60° 15' 27" Lon: E 023° 44' 53" Temperature (°C), Rain (mm), Wind Speed (m/s) Heat Cool Avg Mean Deg Deg Wind Dom Day Temp High Time Low Time Days Days Rain Speed High Time Dir ---------------------------------------------------------------------------------- 1 0,7 2,7 14:14 -1,8 06:21 16,3 0,0 0,0 0,1 2,7 19:51 PKo 2 3,0 4,9 21:43 0,7 00:00 14,0 0,0 0,4 0,3 5,8 20:15 EKa 3 4,4 5,4 16:36 0,3 23:57 12,6 0,0 3,8 1,1 11,2 06:19 E 4 1,7 3,1 14:08 -0,6 01:08 15,3 0,0 0,0 0,8 5,4 22:08 LU 5 -2,1 0,8 23:50 -5,6 16:48 19,1 0,0 1,4 0,9 5,4 01:11 LLu 6 1,6 3,7 23:41 0,7 00:01 15,4 0,0 2,0 0,1 4,0 17:22 ELo 7 4,5 5,2 12:42 3,7 00:00 12,5 0,0 0,8 0,6 8,0 16:56 E 8 5,5 7,0 18:05 2,9 23:49 11,3 0,0 4,0 1,3 10,7 13:11 E 9 0,9 2,9 00:00 -1,8 20:54 16,1 0,0 0,0 0,0 2,7 02:40 I 10 -3,6 -1,5 14:31 -7,0 23:48 20,6 0,0 0,0 0,0 1,3 13:30 --- 11 -2,2 3,9 00:00 -7,9 02:18 19,2 0,0 6,6 0,5 9,4 19:46 E 12 4,6 5,4 08:28 2,3 23:59 12,4 0,0 10,4 0,6 10,7 03:11 EKa 13 1,1 2,6 23:45 -1,2 06:52 15,9 0,0 0,2 0,1 3,6 20:53 EKa 14 3,1 4,8 23:53 1,1 06:18 13,9 0,0 4,0 0,8 9,8 16:11 E 15 6,1 7,9 15:17 4,4 03:59 10,9 0,0 7,0 1,0 8,9 14:13 E 16 4,7 5,7 13:23 2,3 23:48 12,3 0,0 0,2 0,3 5,8 04:29 Ka 17 3,9 5,7 23:42 1,6 05:49 13,1 0,0 0,0 0,5 6,3 23:55 E 18 3,8 5,7 00:49 0,8 06:19 13,2 0,0 1,2 0,5 6,3 23:00 E 19 3,0 4,8 00:00 0,8 17:51 14,0 0,0 2,2 0,3 6,3 04:11 ELo 20 2,8 4,0 23:24 0,6 08:34 14,2 0,0 0,2 0,3 4,9 10:58 IKo 21 4,9 7,7 08:59 3,3 00:52 12,1 0,0 0,0 0,8 5,8 10:11 LLu 22 1,7 4,2 00:00 -0,5 20:00 15,3 0,0 0,0 1,2 5,8 10:47 LLu 23 -0,1 3,1 19:01 -3,5 04:03 17,1 0,0 0,0 0,2 4,9 16:38 ELo 24 0,7 2,9 12:39 -0,7 20:48 16,2 0,0 1,8 0,0 2,2 21:42 PKo 25 0,2 2,1 11:44 -2,3 22:03 16,8 0,0 0,0 0,4 4,5 12:34 LU 26 2,3 5,0 14:41 -1,1 00:00 14,7 0,0 0,4 0,2 4,9 04:42 I 27 1,0 2,3 23:51 0,0 06:13 16,0 0,0 2,0 1,3 6,3 04:07 I 28 2,8 3,6 01:54 2,2 06:20 14,2 0,0 3,0 0,5 5,8 09:59 Ka 29 1,5 2,3 00:00 0,8 08:26 15,5 0,0 2,2 2,2 8,0 05:39 I 30 1,5 2,3 00:02 0,9 15:16 15,5 0,0 4,8 1,3 5,4 01:08 I 31 1,8 2,3 01:27 1,2 03:01 15,2 0,0 0,8 1,4 4,9 13:14 I ---------------------------------------------------------------------------------- 2,1 7,9 15 -7,9 11 460,9 0,0 59,4 0,6 11,2 3 EKa Max >= 25,0: 0 Max <= 0,0: 1 Min <= 0,0: 13 Min <= -10,0: 0 Max Rain: 10,4 on day 12 Days of Rain: 22 (>= 0,2 mm) 15 (>= 1,0 mm) 1 (>= 10,0 mm) Heat Base: 17,0 Cool Base: 17,0 Method: Integration
Vuosiraporttien keskiarvotiedot pohjautuvat Ilmatieteenlaitoksen säähavantoihin.
Vertailutietona on käytetty Lohja Porla sääaseman tietoja. Lähde: Ilmatieteen laitos Ilmastollinen vertailukausi 1981-2010
Vertailutietona on käytetty Lohja Porla sääaseman tietoja. Lähde: Ilmatieteen laitos Ilmastollinen vertailukausi 1981-2010
© 2011-2024, opexi.fi | Sivun tietoja ei saa käyttää ihmisen tai omaisuuden suojeluun |
Sivu päivitetty 19.4.2024 21:30:01
powered by
Cumulus
v1.9.4 (1091)