OPEx sääasema
Leveysaste N 60° 15' 27" Pituusaste E 23° 44' 53" Korkeus merenpinnasta 54 m
NOAA-raportit
Valitse raportti
Monthly Climatological Summary for helmi 2020 Name: OPEx City: Karjalohja State: Finland - Davis Vantage Pro2 Elevation: 54 m Lat: N 60° 15' 27" Lon: E 023° 44' 53" Temperature (°C), Rain (mm), Wind Speed (m/s) Heat Cool Avg Mean Deg Deg Wind Dom Day Temp High Time Low Time Days Days Rain Speed High Time Dir ---------------------------------------------------------------------------------- 1 2,7 5,3 21:51 1,8 00:00 14,3 0,0 4,6 0,7 4,9 10:53 Ka 2 3,7 5,2 00:00 1,6 17:54 13,3 0,0 2,2 0,2 4,0 06:51 LLo 3 -0,3 2,2 00:00 -3,1 23:58 17,3 0,0 0,0 1,1 5,4 08:41 LLu 4 -4,7 -2,1 14:05 -7,8 23:22 21,7 0,0 0,0 0,3 2,7 12:12 LU 5 -1,0 1,9 15:09 -7,8 00:00 18,0 0,0 0,4 0,1 4,9 16:57 LU 6 -3,1 1,1 00:00 -6,2 09:07 20,1 0,0 0,0 1,2 6,3 03:29 LU 7 -3,9 0,1 19:59 -9,3 08:28 20,9 0,0 0,4 0,2 3,6 01:01 LLu 8 0,9 2,2 23:24 -0,5 00:12 16,1 0,0 0,4 0,2 4,5 18:32 E 9 3,4 4,7 21:54 2,2 00:00 13,0 0,0 4,0 1,2 9,8 20:25 E 10 4,3 5,3 14:00 3,1 02:57 12,7 0,0 19,2 1,6 10,3 01:10 ELo 11 2,7 4,6 13:42 0,6 21:15 14,3 0,0 0,2 0,5 5,4 12:57 E 12 2,3 4,3 13:34 0,8 06:58 14,7 0,0 3,2 0,3 5,4 13:49 E 13 0,9 3,1 14:28 -2,8 23:36 16,1 0,0 1,8 0,0 2,7 01:11 EKa 14 -2,2 1,3 14:08 -5,3 23:53 19,2 0,0 0,2 0,1 3,1 13:23 LU 15 0,6 3,3 20:56 -5,3 00:00 16,4 0,0 3,0 0,5 8,9 13:57 E 16 4,1 7,0 23:46 2,8 09:34 12,9 0,0 21,8 1,4 11,2 16:12 ELo 17 5,3 7,0 00:00 3,7 08:51 11,7 0,0 5,0 1,2 11,6 22:01 E 18 5,4 6,8 11:47 4,3 21:20 11,6 0,0 2,8 1,1 10,3 01:08 E 19 3,1 5,5 14:12 -0,7 22:36 13,9 0,0 0,0 0,3 4,0 00:10 Ka 20 0,5 2,7 22:45 -1,6 19:12 16,5 0,0 0,0 0,4 5,8 22:29 IKo 21 2,8 4,0 16:05 1,8 07:31 14,2 0,0 5,8 1,2 8,5 11:48 E 22 4,7 5,6 19:04 3,1 00:00 12,3 0,0 23,8 1,8 12,1 20:30 ELo 23 3,2 5,1 13:45 1,0 23:22 13,8 0,0 0,0 0,3 4,5 02:42 IKo 24 1,2 3,7 13:42 -2,0 23:57 15,8 0,0 0,0 0,7 6,3 10:21 LLu 25 -2,4 0,8 14:48 -6,5 07:59 19,4 0,0 0,0 0,6 4,9 23:33 IKo 26 -0,9 0,9 12:11 -2,6 00:00 17,9 0,0 0,0 3,7 10,3 14:21 Ko 27 -3,1 0,0 14:31 -5,9 08:04 20,1 0,0 0,0 2,7 8,9 14:01 Ko 28 -4,8 -0,2 15:02 -9,5 23:29 21,8 0,0 0,0 0,6 4,0 00:28 PKo 29 -4,0 2,2 14:26 -11,9 05:50 21,0 0,0 0,8 0,1 2,2 17:17 IKa ---------------------------------------------------------------------------------- 0,7 7,0 16 -11,9 29 471,0 0,0 99,6 0,8 12,1 22 EKa Max >= 25,0: 0 Max <= 0,0: 3 Min <= 0,0: 17 Min <= -10,0: 1 Max Rain: 23,8 on day 22 Days of Rain: 18 (>= 0,2 mm) 12 (>= 1,0 mm) 3 (>= 10,0 mm) Heat Base: 17,0 Cool Base: 17,0 Method: Integration
Vuosiraporttien keskiarvotiedot pohjautuvat Ilmatieteenlaitoksen säähavantoihin.
Vertailutietona on käytetty Lohja Porla sääaseman tietoja. Lähde: Ilmatieteen laitos Ilmastollinen vertailukausi 1981-2010
Vertailutietona on käytetty Lohja Porla sääaseman tietoja. Lähde: Ilmatieteen laitos Ilmastollinen vertailukausi 1981-2010
© 2011-2024, opexi.fi | Sivun tietoja ei saa käyttää ihmisen tai omaisuuden suojeluun |
Sivu päivitetty 29.3.2024 9:00:01
powered by
Cumulus
v1.9.4 (1091)