OPEx sääasema
Leveysaste N 60° 15' 27" Pituusaste E 23° 44' 53" Korkeus merenpinnasta 54 m
NOAA-raportit
Valitse raportti
Monthly Climatological Summary for huhti 2020 Name: OPEx City: Karjalohja State: Finland - Davis Vantage Pro2 Elevation: 54 m Lat: N 60° 15' 27" Lon: E 023° 44' 53" Temperature (°C), Rain (mm), Wind Speed (m/s) Heat Cool Avg Mean Deg Deg Wind Dom Day Temp High Time Low Time Days Days Rain Speed High Time Dir ---------------------------------------------------------------------------------- 1 3,1 7,4 14:20 -1,1 06:51 13,9 0,0 0,0 0,4 5,4 15:35 LLu 2 4,5 8,7 12:49 0,2 00:44 12,5 0,0 1,8 0,8 12,1 18:47 ELo 3 1,6 4,4 15:59 -1,4 23:52 15,4 0,0 7,0 0,7 9,8 00:33 L 4 1,4 6,3 12:36 -2,8 06:48 15,5 0,0 0,0 0,2 4,5 12:36 LLu 5 1,9 6,9 16:31 -3,9 06:57 15,1 0,0 0,0 0,3 4,9 15:54 LLu 6 6,3 13,4 14:11 -1,2 00:00 10,7 0,0 0,4 0,2 4,9 14:38 ELo 7 6,8 14,1 13:19 0,9 06:41 10,2 0,0 0,4 0,5 6,7 16:47 LLo 8 6,5 12,5 13:31 -0,9 06:58 10,5 0,0 0,0 0,7 10,3 13:26 Lo 9 6,3 9,6 13:59 2,5 23:57 10,7 0,0 0,0 0,9 5,8 01:36 LLu 10 3,0 8,4 14:24 -2,8 03:38 14,0 0,0 0,2 0,7 5,8 19:24 LU 11 3,0 7,8 17:32 -2,2 04:19 13,9 0,0 0,2 0,3 4,5 14:28 LU 12 4,0 6,3 18:50 -0,3 01:09 13,0 0,0 6,6 0,7 9,4 16:47 E 13 3,5 6,2 13:35 0,9 23:55 13,5 0,0 0,4 0,5 4,9 11:10 LLu 14 1,6 4,6 14:22 0,4 02:19 15,4 0,0 2,8 0,9 6,3 14:28 LLu 15 3,5 9,0 16:22 -0,5 00:44 13,5 0,0 3,0 0,6 6,3 14:57 LLu 16 2,6 5,7 16:45 0,7 03:23 14,4 0,0 14,0 0,8 4,9 03:40 PLu 17 4,1 7,8 14:03 1,2 06:16 12,9 0,0 0,6 1,3 7,6 17:02 LLu 18 5,2 9,1 13:44 1,3 04:57 11,8 0,0 0,0 1,5 7,2 13:24 LLu 19 6,4 10,2 14:48 1,3 06:14 10,6 0,0 0,0 0,9 5,8 13:54 PLu 20 9,3 13,6 15:52 5,6 06:26 7,7 0,0 0,0 0,6 3,6 09:33 LU 21 10,1 15,6 15:19 3,3 05:54 6,9 0,0 0,0 0,8 4,9 10:11 PLu 22 9,9 14,7 16:52 5,2 06:00 7,1 0,0 0,0 0,9 5,4 07:34 IKo 23 8,8 14,4 13:26 0,0 04:50 8,2 0,0 0,0 0,6 4,0 16:06 LU 24 7,0 10,8 13:44 3,9 23:48 10,0 0,0 0,0 0,9 5,4 12:05 LU 25 3,4 8,9 14:07 -1,9 05:56 13,6 0,0 1,0 0,7 5,8 11:01 LU 26 4,0 9,6 12:59 -3,3 06:04 12,9 0,0 0,0 0,3 3,1 12:58 LU 27 5,3 9,9 15:10 -1,2 05:43 11,7 0,0 0,0 0,5 4,5 10:39 P 28 3,8 6,8 11:14 -0,2 06:00 13,2 0,0 0,0 0,9 5,8 12:43 IKo 29 3,6 8,4 14:23 0,3 23:56 13,4 0,0 0,2 0,7 5,4 09:35 P 30 2,7 8,2 12:16 -3,8 05:38 14,3 0,0 0,2 0,6 4,0 09:14 I ---------------------------------------------------------------------------------- 4,8 15,6 21 -3,9 5 366,5 0,0 38,8 0,7 12,1 2 LU Max >= 25,0: 0 Max <= 0,0: 0 Min <= 0,0: 16 Min <= -10,0: 0 Max Rain: 14,0 on day 16 Days of Rain: 15 (>= 0,2 mm) 7 (>= 1,0 mm) 1 (>= 10,0 mm) Heat Base: 17,0 Cool Base: 17,0 Method: Integration
Vuosiraporttien keskiarvotiedot pohjautuvat Ilmatieteenlaitoksen säähavantoihin.
Vertailutietona on käytetty Lohja Porla sääaseman tietoja. Lähde: Ilmatieteen laitos Ilmastollinen vertailukausi 1981-2010
Vertailutietona on käytetty Lohja Porla sääaseman tietoja. Lähde: Ilmatieteen laitos Ilmastollinen vertailukausi 1981-2010
© 2011-2024, opexi.fi | Sivun tietoja ei saa käyttää ihmisen tai omaisuuden suojeluun |
Sivu päivitetty 29.3.2024 3:40:01
powered by
Cumulus
v1.9.4 (1091)