MONTHLY CLIMATOLOGICAL SUMMARY for APR. 2020

NAME: OPEx Weather   CITY: Karjalohja STATE: Finland - Davis Vantage Pro2
ELEV: 54 LAT: 060:15:27 LONG: -023:44:53

                            TEMPERATURE ( C), RAIN (mm), WIND SPEED (m/s)

                                               HEAT     COOL           AVG
      MEAN                                     DEG      DEG            WIND                       DOM
DAY   TEMP    HIGH   TIME     LOW    TIME      DAYS     DAYS    RAIN   SPEED    HIGH    TIME      DIR
--------------------------------------------------------------------------------------------------------
01    03.1    07.4   14:22   -01.1   07:12     13.9     00.0    00.0   00.4     05.1    15:37     NNW
02    04.5    08.7   12:52    00.2   01:19     12.5     00.0    01.8   00.8     11.8    18:51      S 
03    01.6    04.4   16:33   -01.4   00:00     15.4     00.0    07.0   00.7     09.8    01:06      W 
04    01.4    06.3   14:08   -02.8   07:05     15.6     00.0    00.0   00.2     04.6    17:39      W 
05    01.9    06.9   16:55   -03.9   07:08     15.1     00.0    00.0   00.3     05.1    15:56      NW
06    06.3    13.4   14:15   -01.2   00:03     10.7     00.0    00.4   00.2     05.1    14:41      SW
07    06.8    14.1   14:37    00.9   06:52     10.2     00.0    00.4   00.6     06.7    16:51      SW
08    06.5    12.5   13:35   -00.9   07:06     10.5     00.0    00.0   00.7     10.3    13:27     WSW
09    06.3    09.6   14:02    02.5   00:00     10.7     00.0    00.0   00.9     05.7    01:41     WNW
10    03.0    08.4   14:28   -02.8   03:49     14.0     00.0    00.2   00.7     05.7    19:25      NW
11    03.1    07.8   17:39   -02.2   04:30     13.9     00.0    00.2   00.3     04.6    14:29      NW
12    04.0    06.3   19:27   -00.3   01:15     13.0     00.0    06.6   00.7     09.3    16:51      S 
13    03.5    06.2   13:44    00.9   00:00     13.5     00.0    00.4   00.5     05.1    12:20     WNW
14    01.6    04.6   14:28    00.4   00:00     15.4     00.0    02.8   00.8     06.2    18:54     WNW
15    03.5    09.0   16:26   -00.5   00:53     13.5     00.0    03.0   00.6     06.2    14:58     WNW
16    02.5    05.7   16:53    00.7   06:44     14.5     00.0    14.0   00.7     05.1    15:10      N 
17    04.1    07.8   14:05    01.2   06:36     12.9     00.0    00.6   01.3     07.7    17:35      NW
18    05.2    09.1   13:46    01.3   05:18     11.8     00.0    00.0   01.5     07.2    13:26     WNW
19    06.4    10.2   15:05    01.3   06:29     10.6     00.0    00.0   00.9     05.7    13:56     NNW
20    09.3    13.6   17:02    05.6   06:41     07.7     00.0    00.0   00.6     03.6    09:38      NW
21    10.1    15.6   15:21    03.3   06:21     06.9     00.0    00.0   00.8     05.1    13:52     NNW
22    09.9    14.7   17:09    05.2   06:28     07.1     00.0    00.0   00.9     05.1    09:32     ENE
23    08.8    14.4   13:29    00.0   04:56     08.2     00.0    00.0   00.6     04.1    16:11      NW
24    07.0    10.8   13:51    03.9   00:00     10.0     00.0    00.0   00.9     05.1    14:46      NW
25    03.4    08.9   14:10   -01.9   06:12     13.6     00.0    01.0   00.7     05.7    11:03      NW
26    04.0    09.6   13:03   -03.3   06:11     13.0     00.0    00.0   00.3     03.1    16:10      NW
27    05.3    09.9   15:12   -01.2   05:56     11.7     00.0    00.0   00.5     04.6    14:03      N 
28    03.8    06.8   11:24   -00.2   06:22     13.2     00.0    00.0   00.9     05.7    12:46     ENE
29    03.6    08.4   14:26    00.3   00:00     13.4     00.0    00.2   00.7     05.1    17:22     NNE
30    02.7    08.2   12:19   -03.8   05:46     14.3     00.0    00.2   00.6     04.1    12:13      E 
--------------------------------------------------------------------------------------------------------
04.8 (4.7)   15.6  day 21    -03.9  day 05   366.7    000.0   068.8   00.7     11.8   day 17      NW
Min <=   30: 30
Max Rain: 14.0 ON 16-04-20
Days of Rain: 15 (> .2mm) 5 (> 2mm) 0 (> 20mm)