MONTHLY CLIMATOLOGICAL SUMMARY for JUN. 2020

NAME: OPEx Weather   CITY: Karjalohja STATE: Finland - Davis Vantage Pro2
ELEV: 54 LAT: 060:15:27 LONG: -023:44:53

                            TEMPERATURE ( C), RAIN (mm), WIND SPEED (m/s)

                                               HEAT     COOL           AVG
      MEAN                                     DEG      DEG            WIND                       DOM
DAY   TEMP    HIGH   TIME     LOW    TIME      DAYS     DAYS    RAIN   SPEED    HIGH    TIME      DIR
--------------------------------------------------------------------------------------------------------
01    15.0    20.5   12:51    08.4   00:00     02.0     00.0    00.0   00.5     06.2    13:04      NE
02    12.1    18.4   14:09    04.5   04:18     04.9     00.0    00.0   00.7     05.1    19:36     ESE
03    12.7    18.6   12:55    04.2   04:59     04.3     00.0    00.0   01.2     06.2    18:36      E 
04    13.8    20.9   12:39    06.7   01:35     03.2     00.0    01.0   00.8     06.7    12:05     ENE
05    14.5    19.6   16:46    11.3   01:36     02.5     00.0    00.4   00.2     04.1    16:51     WSW
06    13.0    16.0   13:04    10.7   16:16     04.0     00.0    10.0   01.2     11.8    19:51     ESE
07    14.7    19.6   14:18    10.1   03:38     02.3     00.0    00.0   00.8     06.7    15:44      S 
08    12.8    18.5   11:43    07.1   05:24     04.2     00.0    10.6   00.1     04.1    16:47     ENE
09    15.6    20.3   15:21    11.8   05:47     01.4     00.0    02.6   00.2     05.1    16:28      NE
10    17.8    23.7   15:53    09.8   05:11     00.0     00.8    00.0   00.5     06.2    18:14      NE
11    18.3    24.6   15:43    12.0   02:38     00.0     01.3    00.0   00.7     06.7    13:14      NE
12    17.7    23.7   16:24    10.2   03:27     00.0     00.7    00.0   01.1     07.7    13:13     ENE
13    17.1    24.6   14:21    08.2   04:14     00.0     00.1    00.0   00.4     05.1    13:11      E 
14    17.0    23.8   13:50    07.6   05:06     00.0     00.0    00.0   00.8     06.2    14:49      E 
15    18.5    25.2   15:48    08.6   03:30     00.0     01.5    00.0   00.9     05.7    15:39     ENE
16    19.6    25.2   15:55    13.8   02:54     00.0     02.6    00.0   00.5     05.1    15:22      E 
17    20.3    25.7   16:10    14.2   05:50     00.0     03.3    00.0   00.4     04.1    13:33      SE
18    20.1    25.4   16:22    15.3   06:07     00.0     03.1    00.2   00.0     02.6    15:51     SSW
19    21.1    27.1   16:35    13.3   04:57     00.0     04.1    00.0   00.4     05.1    17:16      NE
20    20.4    24.4   15:01    15.6   23:48     00.0     03.4    00.0   01.7     08.2    13:28     ENE
21    17.5    23.2   15:26    10.1   04:55     00.0     00.5    00.0   01.0     06.7    08:16     ENE
22    16.8    23.1   16:27    08.2   05:15     00.2     00.0    00.0   00.5     05.1    11:09     ENE
23    18.9    26.9   16:13    08.1   04:31     00.0     01.9    00.0   00.2     03.1    14:52      E 
24    21.4    29.1   14:32    11.1   04:49     00.0     04.4    00.0   00.1     03.1    15:39     ENE
25    21.3    29.2   15:06    11.2   05:14     00.0     04.3    00.0   00.0     00.0    00:00     NNE
26    20.2    28.1   15:34    10.1   04:38     00.0     03.2    00.0   00.1     04.6    15:20     ESE
27    21.7    30.0   16:12    10.6   04:53     00.0     04.7    00.0   00.1     03.6    17:47     ESE
28    20.7    27.9   14:22    13.3   03:53     00.0     03.7    00.0   01.1     05.7    21:29      E 
29    18.0    21.4   13:09    15.9   17:34     00.0     01.0    09.0   02.0     07.7    14:34      E 
30    15.1    16.5   02:09    13.8   22:20     01.9     00.0    11.8   00.2     05.1    18:59      SE
--------------------------------------------------------------------------------------------------------
17.5 (17.0)   30.0  day 27     04.2  day 03   031.0    044.6   043.4   00.6     11.8   day 29     ENE
Max >=  25: 11
Min <=   30: 30
Max Rain: 11.8 ON 30-06-20
Days of Rain: 8 (> .2mm) 5 (> 2mm) 0 (> 20mm)