MONTHLY CLIMATOLOGICAL SUMMARY for SEP. 2019

NAME: OPEx Weather   CITY: Karjalohja STATE: Finland - Davis Vantage Pro2
ELEV: 54 LAT: 060:15:27 LONG: -023:44:53

                            TEMPERATURE ( C), RAIN (mm), WIND SPEED (m/s)

                                               HEAT     COOL           AVG
      MEAN                                     DEG      DEG            WIND                       DOM
DAY   TEMP    HIGH   TIME     LOW    TIME      DAYS     DAYS    RAIN   SPEED    HIGH    TIME      DIR
--------------------------------------------------------------------------------------------------------
01    17.4    23.1   14:20    11.1   01:22     00.0     00.4    00.0   00.4     04.6    16:47     ESE
02    16.9    22.6   12:55    11.9   00:00     00.1     00.0    00.2   00.4     05.1    13:02      E 
03    13.6    18.7   15:37    07.8   00:00     03.4     00.0    00.2   00.1     05.1    18:51      SE
04    13.7    17.8   13:13    06.9   01:23     03.3     00.0    06.4   00.2     05.1    10:45      S 
05    14.5    18.8   17:29    07.7   00:56     02.5     00.0    01.0   00.5     06.2    16:51     SSW
06    12.7    16.3   12:39    07.0   00:00     04.3     00.0    03.4   00.1     05.1    14:57     SSE
07    11.1    16.6   13:12    04.9   03:55     05.9     00.0    01.8   00.1     03.1    12:32     ESE
08    14.0    16.8   13:34    10.8   03:58     03.0     00.0    00.8   00.6     06.2    19:51     ENE
09    15.7    17.8   17:49    14.1   00:31     01.3     00.0    05.0   00.8     06.2    07:51     ENE
10    17.9    22.1   13:45    15.1   00:10     00.0     00.9    11.8   01.2     05.1    14:37     ENE
11    15.5    18.1   00:02    14.1   11:50     01.5     00.0    10.2   00.8     06.7    18:06      SE
12    14.5    16.8   12:46    11.8   23:47     02.5     00.0    03.2   00.6     08.7    12:56      S 
13    11.9    15.0   11:18    07.9   23:05     05.1     00.0    05.4   00.1     03.6    09:35     WSW
14    09.7    14.3   12:48    05.2   00:00     07.3     00.0    00.2   00.1     03.1    14:39      N 
15    09.5    12.4   13:57    04.3   02:11     07.5     00.0    12.6   00.2     04.6    09:31     SSE
16    09.7    12.9   13:46    07.2   06:18     07.3     00.0    00.2   00.1     03.1    15:36     NNE
17    07.1    11.5   14:25    01.9   08:12     09.9     00.0    00.0   00.0     03.1    14:51     ENE
18    08.1    12.4   13:44    03.2   00:00     08.9     00.0    00.2   00.1     05.1    11:31      NE
19    05.2    11.3   13:38   -00.2   04:18     11.8     00.0    00.4   00.0     02.6    15:55     NNW
20    05.2    11.1   16:15   -01.6   06:01     11.8     00.0    03.0   00.0     02.1    14:06     NNW
21    09.1    11.5   14:59    06.3   02:43     07.9     00.0    00.8   00.0     01.5    20:35      NE
22    06.1    09.8   13:55    00.5   23:06     10.9     00.0    00.0   00.1     03.6    14:08      N 
23    03.9    10.0   16:10   -01.0   08:05     13.1     00.0    00.2   00.1     02.1    15:17     NNW
24    05.0    08.5   12:33   -00.3   00:59     12.0     00.0    04.4   00.0     01.5    16:59     WNW
25    07.7    09.7   12:26    04.3   23:14     09.3     00.0    00.0   00.3     03.6    14:41     ENE
26    07.1    12.6   15:41    02.3   23:49     09.9     00.0    00.0   00.0     02.6    12:29     ESE
27    06.1    13.4   15:11   -00.2   07:42     10.9     00.0    00.0   00.0     03.1    11:06      E 
28    08.8    13.6   16:01    02.6   07:23     08.2     00.0    00.2   01.1     07.7    13:06     ENE
29    11.5    13.0   17:10    09.0   00:00     05.5     00.0    03.4   00.4     05.1    11:04      SE
30    11.4    13.1   17:18    07.6   00:55     05.6     00.0    05.8   00.1     02.1    15:22      SE
--------------------------------------------------------------------------------------------------------
10.7 (10.4)   23.1  day 01    -01.6  day 20   190.3    001.3   029.0   00.3     08.7   day 28      E 
Min <=   30: 30
Max Rain: 12.6 ON 15-09-19
Days of Rain: 24 (> .2mm) 12 (> 2mm) 0 (> 20mm)