OPEx sääasema
Leveysaste N 60° 15' 27" Pituusaste E 23° 44' 53" Korkeus merenpinnasta 54 m
NOAA-raportit
Valitse raportti
Monthly Climatological Summary for marras 2015 Name: OPEx City: Karjalohja State: Finland - Davis Vantage Pro2 Elevation: 54 m Lat: N 60° 15' 27" Lon: E 023° 44' 53" Temperature (°C), Rain (mm), Wind Speed (m/s) Heat Cool Avg Mean Deg Deg Wind Dom Day Temp High Time Low Time Days Days Rain Speed High Time Dir ---------------------------------------------------------------------------------- 1 9,6 10,5 11:33 7,4 23:43 7,4 0,0 0,0 0,4 7,2 02:46 E 2 8,5 10,8 13:16 7,1 20:08 8,5 0,0 0,0 0,0 2,2 11:36 L 3 8,1 11,3 15:29 3,6 04:33 8,9 0,0 0,2 0,1 3,1 19:20 ELo 4 8,1 9,7 14:28 5,3 23:56 8,9 0,0 0,0 0,2 4,0 00:40 LLu 5 2,4 5,3 00:00 -1,0 08:39 14,6 0,0 0,4 0,0 2,2 01:01 LU 6 5,7 8,2 14:03 0,4 00:00 11,3 0,0 0,0 0,1 3,1 20:11 EKa 7 7,3 8,6 23:31 6,0 17:00 9,7 0,0 4,8 0,5 6,7 19:28 E 8 8,3 9,4 01:57 6,5 23:28 8,7 0,0 5,4 0,6 5,8 16:31 PKo 9 6,0 7,8 14:39 4,4 07:52 8,0 0,0 0,2 0,4 6,3 16:02 Ka 10 6,0 7,3 12:49 0,0 04:06 9,1 0,0 1,4 0,0 2,2 00:51 LLu 11 4,5 7,1 14:24 1,0 23:01 12,5 0,0 0,0 0,1 3,6 13:59 LU 12 2,9 6,1 13:18 -0,9 06:12 14,1 0,0 0,0 0,1 2,7 23:29 P 13 4,4 8,0 22:02 1,3 09:23 12,6 0,0 2,0 0,7 8,0 21:09 Ka 14 6,2 8,4 03:05 3,9 23:10 10,8 0,0 7,4 0,5 8,9 01:11 Ka 15 4,6 5,1 13:52 4,0 00:00 12,4 0,0 0,2 0,2 3,1 17:49 I 16 4,1 6,1 23:51 3,1 18:38 12,9 0,0 0,2 0,3 4,0 19:40 IKo 17 5,0 7,6 11:43 0,1 20:58 12,0 0,0 5,6 0,6 7,2 03:58 EKa 18 5,0 6,4 12:43 2,8 00:00 12,0 0,0 8,4 0,4 3,6 00:48 I 19 4,2 5,4 13:25 2,9 02:37 12,8 0,0 1,2 1,0 5,4 23:24 Ko 20 2,0 3,9 00:00 0,8 21:19 14,9 0,0 3,8 1,1 4,9 04:37 LU 21 1,4 3,1 13:34 0,8 06:58 15,5 0,0 1,2 0,4 4,5 19:29 LU 22 0,2 1,2 00:00 -0,6 23:35 16,8 0,0 0,2 0,5 3,6 05:46 LU 23 -2,1 0,8 13:15 -5,6 23:38 19,1 0,0 0,0 0,0 2,2 00:22 LLu 24 -1,8 4,1 23:52 -6,8 08:42 18,8 0,0 0,4 0,1 3,1 19:15 Ka 25 4,1 4,8 02:51 2,8 21:48 12,9 0,0 4,2 0,9 9,4 19:38 ELo 26 3,1 5,3 23:48 2,0 08:35 13,9 0,0 1,6 0,7 6,7 21:57 E 27 7,0 7,8 16:33 5,3 00:00 10,0 0,0 0,8 1,4 9,4 08:54 ELo 28 5,8 7,8 00:00 3,6 20:03 11,2 0,0 5,2 1,5 10,3 05:15 ELo 29 3,2 4,7 18:04 0,7 09:53 13,8 0,0 7,6 0,8 9,8 19:40 EKa 30 3,9 5,4 05:41 1,9 02:28 13,1 0,0 9,0 1,7 13,0 11:56 Ka ---------------------------------------------------------------------------------- 4,6 11,3 3 -6,8 24 367,2 0,0 71,4 0,5 13,0 30 EKa Max >= 25,0: 0 Max <= 0,0: 0 Min <= 0,0: 6 Min <= -10,0: 0 Max Rain: 9,0 on day 30 Days of Rain: 23 (>= 0,2 mm) 15 (>= 1,0 mm) 0 (>= 10,0 mm) Heat Base: 17,0 Cool Base: 17,0 Method: Integration
Vuosiraporttien keskiarvotiedot pohjautuvat Ilmatieteenlaitoksen säähavantoihin.
Vertailutietona on käytetty Lohja Porla sääaseman tietoja. Lähde: Ilmatieteen laitos Ilmastollinen vertailukausi 1981-2010
Vertailutietona on käytetty Lohja Porla sääaseman tietoja. Lähde: Ilmatieteen laitos Ilmastollinen vertailukausi 1981-2010
Sivu päivitetty 25.10.2023 19:15:01
powered by
Cumulus
v1.9.4 (1091)