OPEx sääasema

 Leveysaste  N 60° 15' 27"    Pituusaste  E 23° 44' 53"    Korkeus merenpinnasta 54 m

NOAA-raportit

Valitse raportti
                   Monthly Climatological Summary for heinä 2019

Name: OPEx   City: Karjalohja   State: Finland - Davis Vantage Pro2
Elevation: 54 m  Lat: N 60° 15' 27"   Lon: E 023° 44' 53"

                  Temperature (°C), Rain (mm), Wind Speed (m/s)

                                      Heat  Cool        Avg
    Mean                              Deg   Deg         Wind                 Dom
Day Temp  High   Time   Low    Time   Days  Days  Rain  Speed High   Time    Dir
----------------------------------------------------------------------------------
 1  19,2  24,5   11:19  13,8   01:11   0,7   2,9   0,0   0,3   5,8   19:34   IKa
 2  15,6  19,8   12:14  13,1   23:55   1,7   0,2   6,0   0,1   3,6   10:38   LLu
 3  13,9  18,4   15:38   9,5   05:05   3,3   0,2   0,0   0,5   3,1   14:39   LLu
 4  12,9  18,9   11:41   6,4   04:43   4,2   0,1   0,2   0,2   7,6   18:13     E
 5  13,1  17,8   14:56  10,2   22:41   3,9   0,0  11,8   1,2  10,7   02:45   IKo
 6  13,9  20,2   13:18  10,1   04:22   3,3   0,3   0,8   0,2   6,3   14:12    Ko
 7  13,0  20,9   14:54   6,3   04:45   4,2   0,2   3,4   0,1   5,8   15:10   IKo
 8  14,9  19,4   16:04  11,1   03:04   2,4   0,3   0,2   0,3   4,5   22:38   IKo
 9  12,8  14,9   14:52  11,1   05:19   4,2   0,0   2,0   0,3   4,9   15:05    Ko
10  16,3  21,6   16:20  11,6   06:02   2,0   1,3   0,0   0,3   6,3   12:08    Ko
11  12,7  15,7   13:13   8,7   23:59   4,3   0,0   0,4   0,3   3,6   08:39   IKo
12  13,8  20,5   15:22   5,2   03:48   3,7   0,5   0,0   0,0   2,7   17:08   EKa
13  15,6  20,9   14:22  10,4   01:16   2,2   0,8   0,0   0,1   4,5   11:58    Ko
14  14,5  19,3   15:35   8,5   04:12   2,8   0,4   0,0   0,2   4,5   11:20   IKo
15  15,1  21,8   15:34   6,8   04:40   2,9   1,0   8,4   0,3   4,5   22:10     I
----------------------------------------------------------------------------------
    14,5  24,5     1     5,2    12    45,8   8,2  33,2   0,3  10,7     5     IKo

Max >=  25,0:  0
Max <=   0,0:  0
Min <=   0,0:  0
Min <= -10,0:  0
Max Rain: 11,8 on day 5
Days of Rain: 9 (>= 0,2 mm)  5 (>= 1,0 mm)  1 (>= 10,0 mm)
Heat Base: 17,0  Cool Base: 17,0  Method: Integration
 Vuosiraporttien keskiarvotiedot pohjautuvat Ilmatieteenlaitoksen säähavantoihin.
 Vertailutietona on käytetty Lohja Porla sääaseman tietoja. Lähde: Ilmatieteen laitos Ilmastollinen vertailukausi 1981-2010

© 2011-2019, opexi.fi  | Sivun tietoja ei saa käyttää ihmisen tai omaisuuden suojeluun |


Sivu päivitetty 16.7.2019 14:00:01
powered by Cumulus v1.9.4 (1091)