OPEx sääasema

 Leveysaste  N 60° 15' 27"    Pituusaste  E 23° 44' 53"    Korkeus merenpinnasta 54 m

NOAA-raportit

Valitse raportti
V/Λ2019 > Tam Hel Maa Huh Tou Kes Hei Elo Syy Lok Mar Jou
V/Λ2018 > Tam Hel Maa Huh Tou Kes Hei Elo Syy Lok Mar Jou
V/Λ2017 > Tam Hel Maa Huh Tou Kes Hei Elo Syy Lok Mar Jou
V/Λ2016 > Tam Hel Maa Huh Tou Kes Hei Elo Syy Lok Mar Jou
V/Λ2015 > Tam Hel Maa Huh Tou Kes Hei Elo Syy Lok Mar Jou
V/Λ2014 > Tam Hel Maa Huh Tou Kes Hei Elo Syy Lok Mar Jou
V/Λ2013 > Tam Hel Maa Huh Tou Kes Hei Elo Syy Lok Mar Jou
V/Λ2012 > Tam Hel Maa Huh Tou Kes Hei Elo Syy Lok Mar Jou
V/Λ2011 > Tam Hel Maa Huh Tou Kes Hei Elo Syy Lok Mar Jou
                   Monthly Climatological Summary for touko 2019

Name: OPEx   City: Karjalohja   State: Finland - Davis Vantage Pro2
Elevation: 54 m  Lat: N 60° 15' 27"   Lon: E 023° 44' 53"

                  Temperature (°C), Rain (mm), Wind Speed (m/s)

                                      Heat  Cool        Avg
    Mean                              Deg   Deg         Wind                 Dom
Day Temp  High   Time   Low    Time   Days  Days  Rain  Speed High   Time    Dir
----------------------------------------------------------------------------------
 1   7,3  16,1   12:35  -1,6   05:29   9,6   0,0   1,4   0,4   7,6   15:01   ELo
 2   4,0   5,8   14:17   0,8   23:20  13,0   0,0   8,8   0,4   4,0   18:14   PLu
 3   1,6   5,1   14:27  -0,7   23:26  15,4   0,0   0,2   1,1   5,8   10:08   LLu
 4   2,1   7,7   13:55  -2,7   05:28  14,9   0,0   0,0   0,5   5,4   13:07     I
 5   4,2  10,3   12:55  -2,7   05:11  12,8   0,0   0,2   0,5   7,6   11:22   ELo
 6   6,8  12,6   14:53   0,8   00:58  10,2   0,0   0,0   0,7   7,6   15:48    Ka
 7   5,9  12,2   13:30   0,6   01:45  11,1   0,0   0,0   0,5   7,6   16:22   EKa
 8   6,5  11,6   12:33   0,8   23:53  10,5   0,0   0,0   0,5   8,0   16:04   ELo
 9   8,4  15,1   16:01  -1,6   03:37   8,6   0,0   0,0   2,1   8,9   16:32     I
10   8,9  13,4   12:46   5,0   05:22   8,1   0,0   4,8   1,0   6,3   11:44   IKo
11   9,5  11,2   16:35   7,9   05:58   7,5   0,0   7,0   0,2   3,1   09:30     I
12  10,1  16,0   14:09   4,7   23:49   6,9   0,0   0,2   0,3   8,0   15:47   ELo
13   7,4  11,8   15:03   1,3   04:28   9,6   0,0   0,0   0,5   3,6   12:29    LU
14   9,3  14,2   15:01   3,1   06:42   7,7   0,0   0,0   0,7   4,5   11:51    LU
15   9,9  16,4   15:20  -0,1   05:16   7,1   0,0   0,0   0,4   3,6   12:57     I
16  11,7  19,1   14:39   0,9   05:09   5,7   0,4   0,0   0,3   4,5   11:08   IKa
17  13,2  20,8   14:43   2,8   05:18   4,9   1,0   0,0   0,4   3,6   10:55     I
18  14,7  22,6   14:24   4,2   04:41   4,1   1,8   0,0   0,8   4,9   12:15     I
19  16,3  24,2   14:58   6,9   04:32   3,1   2,4   0,0   0,9   6,7   17:03     I
20  18,2  25,3   12:58  10,6   05:46   1,5   2,8   0,0   0,6   4,5   08:14     I
----------------------------------------------------------------------------------
     8,8  25,3    20    -2,7     4   172,3   8,4  22,6   0,6   8,9     9       I

Max >=  25,0:  1
Max <=   0,0:  0
Min <=   0,0:  6
Min <= -10,0:  0
Max Rain: 8,8 on day 2
Days of Rain: 7 (>= 0,2 mm)  4 (>= 1,0 mm)  0 (>= 10,0 mm)
Heat Base: 17,0  Cool Base: 17,0  Method: Integration
 Vuosiraporttien keskiarvotiedot pohjautuvat Ilmatieteenlaitoksen säähavantoihin.
 Vertailutietona on käytetty Lohja Porla sääaseman tietoja. Lähde: Ilmatieteen laitos Ilmastollinen vertailukausi 1981-2010

© 2011-2019, opexi.fi  | Sivun tietoja ei saa käyttää ihmisen tai omaisuuden suojeluun |


Sivu päivitetty 21.5.2019 6:40:01
powered by Cumulus v1.9.4 (1091)