OPEx sääasema

 Leveysaste  N 60° 15' 27"    Pituusaste  E 23° 44' 53"    Korkeus merenpinnasta 54 m

NOAA-raportit

Valitse raportti
                   Monthly Climatological Summary for syys 2019

Name: OPEx   City: Karjalohja   State: Finland - Davis Vantage Pro2
Elevation: 54 m  Lat: N 60° 15' 27"   Lon: E 023° 44' 53"

                  Temperature (°C), Rain (mm), Wind Speed (m/s)

                                      Heat  Cool        Avg
    Mean                              Deg   Deg         Wind                 Dom
Day Temp  High   Time   Low    Time   Days  Days  Rain  Speed High   Time    Dir
----------------------------------------------------------------------------------
 1  17,4  23,1   14:18  11,1   01:11   1,5   1,9   0,0   0,4   4,5   16:20     I
 2  16,9  22,6   12:51  11,9   23:50   1,3   1,2   0,2   0,4   4,9   13:01   IKa
 3  13,6  18,7   12:15   7,8   23:52   3,6   0,2   0,2   0,1   4,9   18:47   ELo
 4  13,7  17,8   13:10   6,9   01:09   3,3   0,0   6,4   0,2   5,4   10:42   ELo
 5  14,4  18,8   17:20   7,7   00:51   3,0   0,4   1,0   0,5   6,3   16:48     E
 6  12,7  16,3   12:33   7,0   23:57   4,3   0,0   3,4   0,1   4,9   14:56     E
 7  11,1  16,6   13:02   4,9   03:23   5,9   0,0   1,8   0,1   3,1   10:32   EKa
 8  14,0  16,8   13:24  10,8   03:47   2,9   0,0   0,8   0,6   6,3   19:48   IKo
 9  15,7  17,8   17:38  14,1   00:00   1,3   0,1   6,6   0,8   6,3   07:40   IKo
10  17,9  22,1   13:38  15,1   00:00   0,6   1,5  11,8   1,2   4,9   08:39   IKo
11  15,5  18,1   00:00  14,1   11:36   1,5   0,0  10,2   0,8   6,7   11:48    Ka
12  14,6  16,8   12:44  11,8   23:34   2,4   0,0   3,2   0,6   8,9   12:55   ELo
13  11,9  15,0   11:14   7,9   23:02   5,1   0,0   5,4   0,1   3,6   03:36     E
14   9,7  14,3   12:41   5,2   23:55   7,3   0,0   0,2   0,1   3,1   14:38    LU
15   9,5  12,4   13:46   4,3   01:56   7,5   0,0  12,6   0,2   4,5   09:27   EKa
16   9,7  12,9   13:42   7,2   05:56   7,3   0,0   0,2   0,1   3,1   15:31    LU
17   7,1  11,5   13:24   1,9   07:58   9,9   0,0   0,0   0,0   3,1   14:50     I
18   8,1  12,4   13:36   3,2   23:48   8,9   0,0   0,2   0,1   4,9   11:22   PKo
19   5,2  11,3   13:34  -0,2   04:12  11,8   0,0   0,4   0,0   2,7   15:53   LLu
20   5,2  11,1   15:51  -1,6   05:40  11,8   0,0   3,0   0,0   2,2   14:04   EKa
21   9,1  11,5   13:49   6,3   02:12   7,9   0,0   0,8   0,0   1,8   20:33   LLu
22   6,1   9,8   13:49   0,5   23:02  10,9   0,0   0,0   0,1   3,6   11:18     P
----------------------------------------------------------------------------------
    11,8  23,1     1    -1,6    20   120,0   5,3  68,4   0,3   8,9    12     IKa

Max >=  25,0:  0
Max <=   0,0:  0
Min <=   0,0:  2
Min <= -10,0:  0
Max Rain: 12,6 on day 15
Days of Rain: 19 (>= 0,2 mm)  11 (>= 1,0 mm)  3 (>= 10,0 mm)
Heat Base: 17,0  Cool Base: 17,0  Method: Integration
 Vuosiraporttien keskiarvotiedot pohjautuvat Ilmatieteenlaitoksen säähavantoihin.
 Vertailutietona on käytetty Lohja Porla sääaseman tietoja. Lähde: Ilmatieteen laitos Ilmastollinen vertailukausi 1981-2010

© 2011-2019, opexi.fi  | Sivun tietoja ei saa käyttää ihmisen tai omaisuuden suojeluun |


Sivu päivitetty 23.9.2019 12:35:01
powered by Cumulus v1.9.4 (1091)