OPEx sääasema
Leveysaste N 60° 15' 27" Pituusaste E 23° 44' 53" Korkeus merenpinnasta 54 m
NOAA-raportit
Valitse raportti
Monthly Climatological Summary for touko 2014 Name: OPEx Sääasema City: Karjalohja State: Finland - Davis Vantage Pro2 Elevation: 54 m Lat: N 60° 15' 45" Lon: E 023° 45' 29" Temperature (°C), Rain (mm), Wind Speed (m/s) Heat Cool Avg Mean Deg Deg Wind Dom Day Temp High Time Low Time Days Days Rain Speed High Time Dir ---------------------------------------------------------------------------------- 1 3,0 6,2 11:50 -1,3 02:08 14,0 0,0 5,0 1,1 5,8 14:55 N 2 3,8 8,8 15:08 -1,1 05:31 13,2 0,0 1,0 0,5 6,7 13:32 WNW 3 4,5 10,0 13:28 -2,3 03:36 12,5 0,0 0,0 0,3 6,7 12:30 WNW 4 4,0 9,4 11:55 -1,4 05:37 12,6 0,0 1,6 0,4 4,5 10:50 NE 5 3,9 9,1 16:12 -0,9 04:03 13,1 0,0 1,0 1,3 8,9 16:30 NNW 6 4,5 9,9 11:37 -3,7 05:15 12,5 0,0 0,0 0,7 5,8 16:08 NNE 7 5,3 11,0 11:39 -3,4 04:33 11,7 0,0 0,0 1,4 8,0 22:39 E 8 5,4 6,3 19:12 4,2 07:33 11,6 0,0 6,4 2,7 11,2 12:55 ENE 9 8,8 12,3 14:43 5,9 00:29 8,2 0,0 12,6 1,1 6,7 17:41 ESE 10 8,3 11,8 18:36 5,3 07:22 8,7 0,0 0,0 0,5 3,6 01:28 ESE 11 9,4 11,4 15:04 8,2 02:50 7,6 0,0 0,8 0,3 4,5 18:39 SSE 12 8,7 9,9 17:04 7,6 06:42 8,3 0,0 2,8 0,6 6,3 04:09 SSE 13 9,6 11,2 10:30 8,6 02:26 7,4 0,0 0,0 0,4 4,5 09:03 NW 14 10,4 14,3 16:11 6,7 23:57 6,6 0,0 0,0 0,9 5,4 13:04 NW 15 8,7 13,2 15:40 2,6 05:13 8,3 0,0 0,0 0,7 4,9 11:51 N 16 8,7 14,3 17:11 1,3 03:15 8,3 0,0 0,0 0,5 6,7 14:46 SSW 17 11,7 20,5 15:42 0,6 04:55 5,8 0,6 0,0 0,8 4,9 14:03 ESE 18 15,8 24,1 14:27 3,6 05:10 3,8 2,6 0,0 1,0 5,8 13:35 E 19 19,2 28,0 14:19 10,7 04:00 1,6 3,8 1,2 1,1 8,5 13:14 E 20 17,2 23,6 14:26 11,4 02:22 1,6 1,8 0,0 0,2 3,1 13:51 ESE 21 15,6 20,7 17:32 10,9 03:52 2,2 0,8 0,0 0,3 4,0 10:15 ESE 22 17,1 24,7 14:09 7,8 05:15 2,5 2,6 0,0 0,1 4,0 13:53 SW 23 19,4 27,7 15:52 8,3 04:23 2,2 4,6 0,0 0,6 5,8 14:36 ESE 24 21,4 29,3 15:24 11,7 04:19 1,1 5,5 0,0 0,7 6,7 16:07 SE 25 20,9 28,6 14:26 13,7 05:53 0,6 4,5 0,0 0,4 5,8 14:37 SE 26 16,7 22,6 11:55 9,2 23:57 1,9 1,6 0,0 0,2 3,1 18:24 WNW 27 7,9 9,3 10:42 5,9 21:46 9,1 0,0 1,0 1,3 6,7 19:48 N 28 7,4 9,0 17:38 5,7 03:22 9,6 0,0 0,4 1,9 10,7 21:47 N 29 9,5 11,7 11:29 8,0 00:00 7,5 0,0 1,2 1,4 8,5 08:42 N 30 12,0 15,0 15:32 9,8 00:00 4,9 0,0 0,0 0,4 4,5 15:50 SE 31 11,3 14,7 15:18 9,6 05:44 5,7 0,0 0,4 0,6 4,9 14:50 SSE ---------------------------------------------------------------------------------- 10,6 29,3 24 -3,7 6 224,7 28,4 35,4 0,8 11,2 8 ENE Max >= 25,0: 4 Max <= 0,0: 0 Min <= 0,0: 7 Min <= -10,0: 0 Max Rain: 12,6 on day 9 Days of Rain: 13 (>= 0,1 mm) 10 (>= 1,0 mm) 1 (>= 10,0 mm) Heat Base: 17,0 Cool Base: 17,0 Method: Integration
Vuosiraporttien keskiarvotiedot pohjautuvat Ilmatieteenlaitoksen säähavantoihin.
Vertailutietona on käytetty Lohja Porla sääaseman tietoja. Lähde: Ilmatieteen laitos Ilmastollinen vertailukausi 1981-2010
Vertailutietona on käytetty Lohja Porla sääaseman tietoja. Lähde: Ilmatieteen laitos Ilmastollinen vertailukausi 1981-2010
© 2011-2024, opexi.fi | Sivun tietoja ei saa käyttää ihmisen tai omaisuuden suojeluun |
Sivu päivitetty 28.3.2024 13:30:01
powered by
Cumulus
v1.9.4 (1091)