OPEx sääasema
Leveysaste N 60° 15' 27" Pituusaste E 23° 44' 53" Korkeus merenpinnasta 54 m
NOAA-raportit
Valitse raportti
Monthly Climatological Summary for elo 2014 Name: OPEx City: Karjalohja State: Finland - Davis Vantage Pro2 Elevation: 54 m Lat: N 60° 15' 27" Lon: E 023° 44' 53" Temperature (°C), Rain (mm), Wind Speed (m/s) Heat Cool Avg Mean Deg Deg Wind Dom Day Temp High Time Low Time Days Days Rain Speed High Time Dir ---------------------------------------------------------------------------------- 1 20,1 25,2 12:00 15,6 03:11 0,2 3,2 0,0 0,3 5,4 11:48 ELo 2 20,1 26,0 15:34 14,3 23:56 0,5 3,5 0,0 0,2 3,1 10:33 Ka 3 21,5 28,1 14:54 13,1 02:35 0,9 5,4 0,0 1,6 7,2 13:48 I 4 24,0 28,8 13:09 19,2 03:18 0,0 7,0 0,0 1,8 7,2 11:41 I 5 23,7 29,3 14:26 16,6 05:04 0,0 6,7 0,0 1,6 7,2 11:59 I 6 23,2 29,7 15:06 14,6 06:20 0,3 6,5 0,0 1,4 8,0 13:27 I 7 21,0 28,3 15:35 16,9 05:45 0,0 3,9 15,0 0,7 9,8 02:57 IKa 8 19,7 26,1 15:03 11,9 05:42 0,8 3,4 0,2 0,2 4,5 18:16 E 9 18,8 25,7 15:56 11,8 05:37 1,2 2,9 0,0 0,1 3,6 17:11 EKa 10 19,6 26,7 14:46 12,1 05:12 1,1 3,6 0,0 0,3 4,9 16:15 E 11 20,0 25,4 12:56 15,1 05:53 0,4 3,4 2,2 0,6 4,9 09:07 IKa 12 19,3 23,2 14:10 12,0 23:58 0,3 2,5 11,4 0,2 5,4 14:06 ELo 13 16,2 20,9 15:44 11,5 00:41 1,6 0,9 6,8 0,3 6,3 17:45 ELo 14 15,8 21,6 16:16 12,2 02:33 1,9 0,7 7,2 0,5 4,5 20:40 I 15 17,0 22,6 13:26 11,9 06:03 1,4 1,4 0,0 0,1 4,5 13:03 ELo 16 15,0 20,6 13:05 10,4 03:02 2,3 0,4 3,8 0,0 3,1 11:38 PKo 17 15,3 20,3 13:43 8,2 06:05 2,6 0,9 0,0 0,1 3,6 15:39 ELo 18 15,2 19,1 12:00 12,5 01:22 1,9 0,1 30,4 0,7 10,3 12:21 E 19 14,2 17,9 12:32 11,4 22:59 2,8 0,0 10,8 0,7 7,6 09:41 E 20 13,7 16,8 09:46 11,3 00:01 3,3 0,0 6,0 0,7 6,3 09:43 E 21 14,4 18,4 14:35 10,6 23:56 2,7 0,1 1,0 0,6 7,6 14:22 ELo 22 13,0 17,1 13:26 8,4 04:31 4,0 0,0 6,2 0,3 5,4 15:53 ELo 23 12,6 17,3 13:59 9,4 04:20 4,4 0,0 2,8 0,3 8,9 14:53 IKa 24 13,9 18,1 12:37 8,8 23:59 3,1 0,1 1,0 0,4 5,8 17:07 E 25 11,9 15,1 15:25 7,7 03:01 5,1 0,0 7,6 0,4 4,5 12:41 PKo 26 13,8 17,0 15:14 12,4 06:23 3,1 0,0 7,6 0,1 2,7 16:08 LU 27 14,4 17,8 14:17 12,6 04:27 2,6 0,0 2,4 0,2 4,0 10:29 LU 28 14,6 19,4 14:40 11,2 23:29 2,5 0,1 0,2 0,5 5,4 14:49 PLu 29 12,4 15,7 17:08 9,9 00:59 4,6 0,0 1,4 0,2 4,5 13:59 PLu 30 11,3 15,9 11:40 7,3 04:36 5,1 0,0 0,0 0,2 4,5 11:37 PKo 31 12,3 16,7 14:53 7,6 00:30 4,7 0,0 0,0 1,2 5,4 10:19 IKo ---------------------------------------------------------------------------------- 16,7 29,7 6 7,3 30 65,4 56,7 124,0 0,5 10,3 18 IKa Max >= 25,0: 11 Max <= 0,0: 0 Min <= 0,0: 0 Min <= -10,0: 0 Max Rain: 30,4 on day 18 Days of Rain: 19 (>= 0,2 mm) 17 (>= 1,0 mm) 4 (>= 10,0 mm) Heat Base: 17,0 Cool Base: 17,0 Method: Integration
Vuosiraporttien keskiarvotiedot pohjautuvat Ilmatieteenlaitoksen säähavantoihin.
Vertailutietona on käytetty Lohja Porla sääaseman tietoja. Lähde: Ilmatieteen laitos Ilmastollinen vertailukausi 1981-2010
Vertailutietona on käytetty Lohja Porla sääaseman tietoja. Lähde: Ilmatieteen laitos Ilmastollinen vertailukausi 1981-2010
© 2011-2024, opexi.fi | Sivun tietoja ei saa käyttää ihmisen tai omaisuuden suojeluun |
Sivu päivitetty 28.3.2024 23:55:01
powered by
Cumulus
v1.9.4 (1091)