OPEx sääasema
Leveysaste N 60° 15' 27" Pituusaste E 23° 44' 53" Korkeus merenpinnasta 54 m
NOAA-raportit
Valitse raportti
Monthly Climatological Summary for touko 2016 Name: OPEx City: Karjalohja State: Finland - Davis Vantage Pro2 Elevation: 54 m Lat: N 60° 15' 27" Lon: E 023° 44' 53" Temperature (°C), Rain (mm), Wind Speed (m/s) Heat Cool Avg Mean Deg Deg Wind Dom Day Temp High Time Low Time Days Days Rain Speed High Time Dir ---------------------------------------------------------------------------------- 1 9,6 17,2 14:05 0,0 05:31 7,4 0,0 0,0 0,3 4,0 18:30 EKa 2 9,8 17,3 14:06 0,6 04:58 7,2 0,0 0,0 0,1 5,4 15:21 LLo 3 10,2 18,7 15:03 0,1 05:17 7,0 0,2 0,0 0,3 3,6 12:14 IKa 4 12,0 20,4 16:07 1,2 05:10 5,7 0,7 0,0 0,3 3,6 11:33 I 5 13,3 21,3 14:46 2,2 03:59 4,9 1,2 0,0 0,2 4,9 15:54 LLu 6 12,1 19,4 13:05 2,8 05:18 5,4 0,5 0,0 0,2 3,6 17:10 Lo 7 12,0 20,7 13:48 0,6 05:33 5,9 0,9 0,0 0,2 4,5 13:36 Ka 8 13,5 22,1 14:32 1,7 05:15 4,9 1,5 0,0 0,1 4,0 13:30 Lo 9 14,5 23,2 16:08 2,7 05:12 4,5 2,0 0,0 0,1 3,1 13:54 ELo 10 15,6 22,8 14:10 5,8 05:29 3,2 1,8 0,0 0,2 4,0 14:31 ELo 11 12,0 15,7 14:42 4,3 23:59 5,0 0,0 0,2 1,2 8,0 05:20 P 12 9,7 15,8 12:23 1,2 04:34 7,2 0,0 0,0 0,8 5,4 12:24 IKa 13 12,9 18,3 15:50 5,8 05:22 4,2 0,1 0,4 1,1 6,7 13:35 I 14 11,6 12,9 18:03 9,8 03:01 5,4 0,0 5,6 0,5 4,5 08:12 IKo 15 14,0 18,3 17:08 10,9 23:59 3,1 0,1 9,6 1,0 4,9 17:45 IKo 16 10,5 14,9 15:18 5,8 23:43 6,5 0,0 2,0 0,2 4,0 13:09 EKa 17 9,1 13,1 11:38 4,6 05:38 7,8 0,0 0,2 0,5 4,9 13:07 E 18 10,6 15,8 15:31 4,7 23:58 6,1 0,0 0,0 0,4 6,7 16:17 EKa 19 10,1 15,5 14:45 3,2 02:24 6,9 0,0 0,0 0,3 5,4 14:32 E 20 12,4 19,4 15:14 3,4 03:22 4,8 0,3 0,0 0,2 3,6 13:51 EKa 21 13,9 21,3 14:08 6,1 05:22 3,1 0,8 0,0 0,1 3,6 18:53 L 22 14,1 20,7 15:18 6,3 04:52 3,7 0,8 0,0 0,1 3,6 19:51 E 23 15,3 21,7 16:07 6,6 04:37 3,0 1,4 0,0 0,5 3,6 12:47 I 24 16,4 23,0 15:13 7,2 04:41 2,8 2,2 0,0 0,5 4,5 12:21 I 25 17,6 25,6 12:52 8,5 05:20 2,3 2,8 0,2 0,1 4,5 17:05 PKo 26 14,2 20,6 12:51 9,9 23:48 3,2 0,4 1,8 0,1 3,6 14:03 ELo 27 13,6 19,2 14:43 9,2 03:42 3,6 0,2 0,2 0,3 3,6 09:36 I 28 13,8 17,2 15:07 9,6 00:02 3,2 0,0 0,0 1,4 6,7 08:05 IKo 29 13,9 18,2 15:01 10,9 23:58 3,1 0,0 0,6 1,3 6,7 19:14 Ko 30 17,8 24,8 16:17 9,8 03:53 2,1 2,9 0,0 0,9 5,8 13:07 IKo 31 19,3 26,6 14:37 10,8 04:38 1,4 3,7 0,0 1,0 5,8 13:14 IKo ---------------------------------------------------------------------------------- 13,1 26,6 31 0,0 1 144,6 24,5 20,8 0,5 8,0 11 I Max >= 25,0: 2 Max <= 0,0: 0 Min <= 0,0: 1 Min <= -10,0: 0 Max Rain: 9,6 on day 15 Days of Rain: 10 (>= 0,2 mm) 4 (>= 1,0 mm) 0 (>= 10,0 mm) Heat Base: 17,0 Cool Base: 17,0 Method: Integration
Vuosiraporttien keskiarvotiedot pohjautuvat Ilmatieteenlaitoksen säähavantoihin.
Vertailutietona on käytetty Lohja Porla sääaseman tietoja. Lähde: Ilmatieteen laitos Ilmastollinen vertailukausi 1981-2010
Vertailutietona on käytetty Lohja Porla sääaseman tietoja. Lähde: Ilmatieteen laitos Ilmastollinen vertailukausi 1981-2010
© 2011-2024, opexi.fi | Sivun tietoja ei saa käyttää ihmisen tai omaisuuden suojeluun |
Sivu päivitetty 19.4.2024 7:20:01
powered by
Cumulus
v1.9.4 (1091)