OPEx sääasema
Leveysaste N 60° 15' 27" Pituusaste E 23° 44' 53" Korkeus merenpinnasta 54 m
NOAA-raportit
Valitse raportti
Monthly Climatological Summary for syys 2016 Name: OPEx City: Karjalohja State: Finland - Davis Vantage Pro2 Elevation: 54 m Lat: N 60° 15' 27" Lon: E 023° 44' 53" Temperature (°C), Rain (mm), Wind Speed (m/s) Heat Cool Avg Mean Deg Deg Wind Dom Day Temp High Time Low Time Days Days Rain Speed High Time Dir ---------------------------------------------------------------------------------- 1 16,9 20,6 12:24 13,7 23:53 0,8 0,8 0,0 0,4 5,8 13:55 E 2 14,7 18,9 14:19 9,2 23:58 2,6 0,3 0,0 0,2 5,8 16:37 EKa 3 12,4 17,1 14:02 6,0 04:53 4,6 0,0 3,4 0,4 4,5 13:32 I 4 13,9 16,7 11:32 10,8 22:50 3,1 0,0 7,8 0,1 3,6 11:27 ELo 5 13,6 18,8 13:12 8,2 02:37 3,4 0,2 0,0 0,1 3,6 14:34 P 6 12,1 17,8 16:41 4,5 06:36 4,9 0,0 0,0 0,2 4,9 14:38 E 7 16,8 21,4 15:24 11,7 23:55 1,2 1,0 0,0 0,2 4,5 04:02 IKo 8 13,8 18,2 16:22 9,6 23:59 3,3 0,2 0,0 0,1 2,2 09:59 LLu 9 11,3 16,9 13:40 4,6 06:42 5,6 0,0 0,0 0,0 1,8 11:26 ELo 10 13,7 19,6 16:13 6,9 04:38 3,7 0,4 0,0 0,0 3,1 10:16 ELo 11 14,6 21,4 13:36 9,2 03:38 2,8 0,4 0,2 0,2 4,5 14:15 E 12 14,4 18,8 16:16 7,9 23:58 2,9 0,3 0,0 0,0 2,2 15:39 LLu 13 11,3 18,1 15:39 4,4 07:23 5,8 0,1 0,0 0,0 2,2 15:43 P 14 10,5 16,3 13:42 4,1 06:37 6,5 0,0 0,0 0,2 3,6 11:29 IKo 15 13,0 18,5 13:14 7,1 03:04 4,2 0,2 0,2 0,0 2,7 15:40 PLu 16 11,3 15,4 13:01 7,4 07:26 5,7 0,0 0,2 0,4 4,9 15:42 PKo 17 10,3 12,8 16:01 6,8 23:57 6,4 0,0 0,0 0,0 2,7 02:16 Ko 18 8,4 14,7 13:31 1,7 06:46 8,6 0,0 0,0 0,0 3,1 12:47 P 19 10,5 14,8 16:11 5,6 00:29 6,5 0,0 0,0 0,0 1,8 15:22 ELo 20 9,1 14,9 15:14 4,4 23:41 7,9 0,0 0,0 0,0 1,8 06:09 --- 21 8,8 14,6 13:37 1,9 06:58 6,9 0,0 0,0 0,1 3,6 11:51 Ko 22 9,5 13,2 14:26 5,7 06:59 7,4 0,0 0,0 0,7 5,8 12:49 Ko 23 7,7 10,4 13:56 3,2 06:07 9,3 0,0 0,0 0,0 1,3 00:14 LU 24 8,7 11,5 12:22 5,9 07:14 8,3 0,0 0,0 0,0 1,8 15:05 LU 25 11,7 16,6 15:13 6,6 00:48 5,1 0,0 0,0 0,2 4,9 12:39 ELo 26 12,6 17,2 16:22 7,4 23:57 4,3 0,0 0,0 0,0 3,1 10:39 ELo 27 11,8 16,5 15:28 7,2 00:11 5,2 0,0 0,0 0,0 2,7 15:41 ELo 28 12,3 13,8 12:40 9,4 00:00 4,7 0,0 9,8 0,6 7,6 17:40 EKa 29 12,6 15,6 20:30 7,7 04:04 4,4 0,0 5,4 0,6 9,8 21:12 ELo 30 12,4 15,0 00:00 9,1 23:59 4,5 0,0 2,0 0,6 10,7 05:12 E ---------------------------------------------------------------------------------- 12,0 21,4 7 1,7 18 150,6 3,9 29,0 0,2 10,7 30 EKa Max >= 25,0: 0 Max <= 0,0: 0 Min <= 0,0: 0 Min <= -10,0: 0 Max Rain: 9,8 on day 28 Days of Rain: 8 (>= 0,2 mm) 5 (>= 1,0 mm) 0 (>= 10,0 mm) Heat Base: 17,0 Cool Base: 17,0 Method: Integration
Vuosiraporttien keskiarvotiedot pohjautuvat Ilmatieteenlaitoksen säähavantoihin.
Vertailutietona on käytetty Lohja Porla sääaseman tietoja. Lähde: Ilmatieteen laitos Ilmastollinen vertailukausi 1981-2010
Vertailutietona on käytetty Lohja Porla sääaseman tietoja. Lähde: Ilmatieteen laitos Ilmastollinen vertailukausi 1981-2010
© 2011-2024, opexi.fi | Sivun tietoja ei saa käyttää ihmisen tai omaisuuden suojeluun |
Sivu päivitetty 28.3.2024 23:15:01
powered by
Cumulus
v1.9.4 (1091)