OPEx sääasema
Leveysaste N 60° 15' 27" Pituusaste E 23° 44' 53" Korkeus merenpinnasta 54 m
NOAA-raportit
Valitse raportti
Monthly Climatological Summary for joulu 2016 Name: OPEx City: Karjalohja State: Finland - Davis Vantage Pro2 Elevation: 54 m Lat: N 60° 15' 27" Lon: E 023° 44' 53" Temperature (°C), Rain (mm), Wind Speed (m/s) Heat Cool Avg Mean Deg Deg Wind Dom Day Temp High Time Low Time Days Days Rain Speed High Time Dir ---------------------------------------------------------------------------------- 1 -1,7 -0,8 11:41 -2,9 16:30 18,7 0,0 0,0 0,0 0,9 06:06 --- 2 -1,3 -0,8 12:35 -2,2 00:00 18,2 0,0 0,6 0,5 4,0 09:03 LU 3 -4,2 -1,3 00:13 -7,5 23:50 21,2 0,0 0,0 1,2 5,8 02:22 LU 4 -5,3 2,5 22:09 -11,5 09:44 22,3 0,0 0,6 0,4 6,3 20:52 ELo 5 3,1 6,4 07:48 -1,2 23:59 13,5 0,0 0,0 1,5 8,9 17:31 LU 6 -7,3 -1,1 00:00 -12,4 22:53 21,6 0,0 0,0 0,6 7,2 00:07 PLu 7 -0,9 2,3 21:52 -11,6 00:00 17,9 0,0 3,4 0,2 4,5 16:37 IKa 8 1,9 2,4 04:52 1,2 17:57 15,1 0,0 3,4 0,0 1,8 00:55 E 9 1,9 3,4 05:35 -1,7 23:49 15,1 0,0 0,2 0,3 4,9 18:56 LU 10 -5,6 -1,7 00:00 -10,6 23:23 22,6 0,0 0,0 0,2 2,7 05:09 LU 11 -9,6 -6,9 19:31 -11,8 09:51 26,6 0,0 0,0 0,2 4,0 18:39 P 12 -6,2 -1,9 20:00 -11,8 07:33 23,2 0,0 0,0 0,2 1,8 15:49 LU 13 -3,8 -1,1 23:55 -7,7 05:41 20,8 0,0 0,0 0,0 2,7 15:45 E 14 -1,1 -0,1 03:18 -2,2 22:59 18,1 0,0 0,0 0,5 4,0 14:52 P 15 -1,3 1,0 13:12 -3,5 22:59 18,3 0,0 0,0 0,0 3,1 12:23 E 16 -1,6 0,6 13:04 -4,8 02:32 18,6 0,0 0,0 0,0 1,8 12:51 LU 17 -0,8 0,7 14:37 -2,5 01:08 17,8 0,0 0,0 0,1 4,9 16:49 ELo 18 0,7 1,2 21:25 -0,3 01:20 16,3 0,0 2,2 0,1 2,7 13:50 LU 19 1,7 2,6 15:31 0,8 02:34 15,3 0,0 0,0 0,0 2,7 15:36 LU 20 2,4 3,7 23:33 0,7 02:09 14,6 0,0 0,4 0,1 3,6 23:56 EKa 21 3,1 4,1 19:37 2,1 08:40 13,9 0,0 0,2 0,9 12,1 18:28 E 22 4,1 5,0 12:37 2,9 01:04 12,9 0,0 0,0 0,8 6,3 04:23 E 23 2,9 4,4 04:02 -1,3 23:10 14,1 0,0 0,0 0,5 6,7 04:55 E 24 2,9 4,7 12:12 -1,5 00:34 14,1 0,0 5,4 1,1 11,6 09:04 E 25 2,2 3,6 12:50 0,4 22:42 14,8 0,0 0,2 0,7 7,2 08:42 E 26 3,1 6,2 08:01 -0,3 20:48 13,9 0,0 1,0 0,4 7,2 06:52 EKa 27 0,7 1,8 00:01 -0,3 22:19 16,3 0,0 1,0 1,0 7,6 16:44 LLu 28 -1,2 0,9 06:38 -4,2 22:40 18,2 0,0 0,0 1,3 8,5 06:36 LU 29 1,1 3,1 14:33 -4,7 01:52 15,8 0,0 0,0 0,3 6,3 08:41 E 30 3,8 5,3 20:32 2,7 02:58 13,2 0,0 0,0 0,4 5,4 14:04 EKa 31 5,3 6,5 11:25 2,8 23:53 11,7 0,0 0,0 0,1 4,5 08:12 I ---------------------------------------------------------------------------------- -0,4 6,5 31 -12,4 6 534,7 0,0 18,6 0,4 12,1 21 L Max >= 25,0: 0 Max <= 0,0: 9 Min <= 0,0: 23 Min <= -10,0: 6 Max Rain: 5,4 on day 24 Days of Rain: 12 (>= 0,2 mm) 6 (>= 1,0 mm) 0 (>= 10,0 mm) Heat Base: 17,0 Cool Base: 17,0 Method: Integration
Vuosiraporttien keskiarvotiedot pohjautuvat Ilmatieteenlaitoksen säähavantoihin.
Vertailutietona on käytetty Lohja Porla sääaseman tietoja. Lähde: Ilmatieteen laitos Ilmastollinen vertailukausi 1981-2010
Vertailutietona on käytetty Lohja Porla sääaseman tietoja. Lähde: Ilmatieteen laitos Ilmastollinen vertailukausi 1981-2010
© 2011-2024, opexi.fi | Sivun tietoja ei saa käyttää ihmisen tai omaisuuden suojeluun |
Sivu päivitetty 20.4.2024 11:45:00
powered by
Cumulus
v1.9.4 (1091)