OPEx sääasema
Leveysaste N 60° 15' 27" Pituusaste E 23° 44' 53" Korkeus merenpinnasta 54 m
NOAA-raportit
Valitse raportti
Monthly Climatological Summary for elo 2017 Name: OPEx City: Karjalohja State: Finland - Davis Vantage Pro2 Elevation: 54 m Lat: N 60° 15' 27" Lon: E 023° 44' 53" Temperature (°C), Rain (mm), Wind Speed (m/s) Heat Cool Avg Mean Deg Deg Wind Dom Day Temp High Time Low Time Days Days Rain Speed High Time Dir ---------------------------------------------------------------------------------- 1 18,1 22,8 13:54 13,6 05:37 1,0 2,1 0,0 0,3 6,3 11:50 E 2 17,0 20,9 15:54 14,5 23:35 0,5 0,6 15,6 0,2 3,6 05:08 I 3 17,4 21,8 15:52 13,0 04:17 1,2 1,6 0,2 0,2 4,0 13:22 Ka 4 15,9 18,0 17:48 13,8 00:00 1,2 0,1 17,0 1,0 7,2 07:06 I 5 16,9 20,2 10:30 14,3 05:21 0,8 0,6 3,0 0,4 6,7 13:27 E 6 15,3 17,0 12:43 14,0 21:58 1,7 0,0 10,8 0,3 5,8 12:44 Ka 7 15,2 17,8 13:05 12,7 23:50 1,8 0,0 4,4 0,0 1,8 00:34 LLu 8 15,8 21,4 14:43 8,7 05:00 2,5 1,3 0,2 0,1 3,6 13:43 IKa 9 16,6 22,1 14:56 9,4 05:43 2,1 1,7 0,0 0,5 4,9 13:59 I 10 18,2 21,9 12:52 14,7 23:48 0,3 1,5 1,0 0,4 8,5 16:16 E 11 17,4 23,1 15:29 13,2 04:40 1,2 1,7 0,0 0,2 4,9 15:46 I 12 18,7 24,7 16:16 13,3 05:53 0,7 2,4 8,0 0,4 5,4 16:36 IKa 13 17,5 20,1 15:49 13,9 23:58 0,3 0,8 0,4 0,5 7,2 04:44 ELo 14 14,9 20,7 14:06 7,8 05:54 2,9 0,9 0,0 0,1 4,9 11:40 IKa 15 14,4 20,4 15:05 7,1 05:48 3,2 0,7 0,0 0,2 4,5 16:23 E 16 16,2 20,6 16:18 10,4 04:26 1,9 1,0 0,0 0,3 4,0 14:23 I 17 17,2 19,3 15:34 15,3 00:02 0,6 0,8 1,4 0,1 3,1 09:02 IKo 18 17,0 20,2 14:49 14,7 02:17 0,7 0,7 1,6 0,2 4,0 18:48 IKa 19 17,2 20,3 15:35 14,8 05:38 0,4 0,7 4,6 0,6 6,7 16:19 IKa 20 16,4 20,2 11:48 13,0 06:40 1,4 0,7 0,0 0,4 6,3 15:45 ELo 21 14,9 19,4 15:29 10,0 06:14 2,5 0,4 0,0 0,1 3,1 15:30 EKa 22 12,9 18,9 14:01 8,7 05:46 4,1 0,1 8,8 0,2 3,1 13:55 I 23 12,4 16,4 15:04 8,2 04:34 4,6 0,0 0,0 0,1 2,2 08:29 LU 24 12,5 16,6 14:27 9,4 05:53 4,5 0,0 0,0 0,3 5,4 15:16 LLu 25 11,1 13,9 13:51 7,2 23:51 5,9 0,0 1,8 0,0 1,8 12:07 EKa 26 10,2 14,7 12:57 4,8 02:34 6,8 0,0 0,8 0,1 3,1 13:04 LU 27 10,3 15,6 13:38 5,3 06:50 6,7 0,0 0,0 0,0 1,8 10:10 Ko 28 10,1 16,0 14:34 3,3 05:19 6,9 0,0 0,0 0,0 2,7 12:53 Ko 29 12,7 17,9 12:16 4,3 05:28 4,4 0,0 0,0 0,5 5,8 19:58 ELo 30 16,8 19,8 11:38 14,8 21:47 0,8 0,6 0,0 0,7 6,3 14:20 ELo 31 16,3 18,4 17:22 14,9 08:32 0,9 0,1 9,6 0,2 4,5 18:09 IKa ---------------------------------------------------------------------------------- 15,3 24,7 12 3,3 28 74,5 21,1 89,2 0,3 8,5 10 Ka Max >= 25,0: 0 Max <= 0,0: 0 Min <= 0,0: 0 Min <= -10,0: 0 Max Rain: 17,0 on day 4 Days of Rain: 17 (>= 0,2 mm) 13 (>= 1,0 mm) 3 (>= 10,0 mm) Heat Base: 17,0 Cool Base: 17,0 Method: Integration
Vuosiraporttien keskiarvotiedot pohjautuvat Ilmatieteenlaitoksen säähavantoihin.
Vertailutietona on käytetty Lohja Porla sääaseman tietoja. Lähde: Ilmatieteen laitos Ilmastollinen vertailukausi 1981-2010
Vertailutietona on käytetty Lohja Porla sääaseman tietoja. Lähde: Ilmatieteen laitos Ilmastollinen vertailukausi 1981-2010
© 2011-2024, opexi.fi | Sivun tietoja ei saa käyttää ihmisen tai omaisuuden suojeluun |
Sivu päivitetty 28.3.2024 21:40:01
powered by
Cumulus
v1.9.4 (1091)