OPEx sääasema

 Leveysaste  N 60° 15' 27"    Pituusaste  E 23° 44' 53"    Korkeus merenpinnasta 54 m

NOAA-raportit

Valitse raportti
                   Monthly Climatological Summary for heinä 2020

Name: OPEx   City: Karjalohja   State: Finland - Davis Vantage Pro2
Elevation: 54 m  Lat: N 60° 15' 27"   Lon: E 023° 44' 53"

                  Temperature (°C), Rain (mm), Wind Speed (m/s)

                                      Heat  Cool        Avg
    Mean                              Deg   Deg         Wind                 Dom
Day Temp  High   Time   Low    Time   Days  Days  Rain  Speed High   Time    Dir
----------------------------------------------------------------------------------
 1  14,9  18,4   14:25  12,6   23:15   2,1   0,0  16,8   0,2   4,9   13:31   ELo
 2  14,9  19,1   15:22  11,4   05:09   2,4   0,3   5,0   0,3   4,0   11:04     I
 3  15,6  19,7   12:28  12,3   02:32   1,9   0,5   0,2   0,3   6,3   17:14     E
 4  14,4  18,1   08:58  11,2   04:51   2,6   0,0   7,8   0,5   6,3   10:17   ELo
 5  15,1  17,7   12:42  11,2   06:40   1,9   0,1  18,2   0,5   8,0   23:02    Ka
 6  15,7  17,7   10:40  13,6   14:53   1,3   0,0   1,2   1,0  10,7   16:48   ELo
 7  14,4  17,6   10:05  10,9   23:55   2,6   0,0   2,4   0,5   5,8   11:42   ELo
 8  13,0  17,9   10:34   9,1   05:08   4,0   0,0   3,8   0,2   7,2   12:34   ELo
 9  12,5  16,9   14:44   8,0   03:39   4,5   0,0   1,6   0,2   8,0   15:57    Ka
----------------------------------------------------------------------------------
    14,5  19,7     3     8,0     9    23,3   0,9  57,0   0,4  10,7     6       E

Max >=  25,0:  0
Max <=   0,0:  0
Min <=   0,0:  0
Min <= -10,0:  0
Max Rain: 18,2 on day 5
Days of Rain: 9 (>= 0,2 mm)  8 (>= 1,0 mm)  2 (>= 10,0 mm)
Heat Base: 17,0  Cool Base: 17,0  Method: Integration
 Vuosiraporttien keskiarvotiedot pohjautuvat Ilmatieteenlaitoksen säähavantoihin.
 Vertailutietona on käytetty Lohja Porla sääaseman tietoja. Lähde: Ilmatieteen laitos Ilmastollinen vertailukausi 1981-2010

© 2011-2020, opexi.fi  | Sivun tietoja ei saa käyttää ihmisen tai omaisuuden suojeluun |


Sivu päivitetty 10.7.2020 12:55:01
powered by Cumulus v1.9.4 (1091)